{"id":190,"date":"2020-05-28T09:28:35","date_gmt":"2020-05-28T09:28:35","guid":{"rendered":"http:\/\/grazalemaguide.com\/quehacerenlasierradegrazalema\/?page_id=190"},"modified":"2020-09-23T10:44:58","modified_gmt":"2020-09-23T08:44:58","slug":"algatocin","status":"publish","type":"page","link":"https:\/\/grazalemaguide.com\/quehacerenlasierras\/algatocin\/","title":{"rendered":"Algatoc\u00edn"},"content":{"rendered":"\n<div class=\"wp-block-image\"><figure class=\"alignleft size-large is-resized\"><img loading=\"lazy\" decoding=\"async\" src=\"http:\/\/grazalemaguide.com\/quehacerenlasierradegrazalema\/wp-content\/uploads\/sites\/2\/2020\/05\/Escudo-Algatocin-586x1024.jpg\" alt=\"Algatoc\u00edn es un municipio espa\u00f1ol de la provincia de M\u00e1laga, Andaluc\u00eda\" class=\"wp-image-193\" width=\"147\" height=\"256\" srcset=\"https:\/\/grazalemaguide.com\/quehacerenlasierras\/wp-content\/uploads\/sites\/2\/2020\/05\/Escudo-Algatocin-586x1024.jpg 586w, https:\/\/grazalemaguide.com\/quehacerenlasierras\/wp-content\/uploads\/sites\/2\/2020\/05\/Escudo-Algatocin-172x300.jpg 172w, https:\/\/grazalemaguide.com\/quehacerenlasierras\/wp-content\/uploads\/sites\/2\/2020\/05\/Escudo-Algatocin-768x1342.jpg 768w, https:\/\/grazalemaguide.com\/quehacerenlasierras\/wp-content\/uploads\/sites\/2\/2020\/05\/Escudo-Algatocin.jpg 800w\" sizes=\"auto, (max-width: 147px) 100vw, 147px\" \/><figcaption>Algatoc\u00edn es un municipio de la provincia de M\u00e1laga, Andaluc\u00eda<\/figcaption><\/figure><\/div>\n\n\n\n<p>Algatoc\u00edn es un municipio de la provincia de M\u00e1laga, Andaluc\u00eda, situado en el oeste de la provincia en el Valle del Genal, siendo una de las poblaciones que conforman la comarca de la Serran\u00eda de Ronda. Se encuentra situada a una altitud de 725 metros y a 136 kil\u00f3metros de la capital de provincia, M\u00e1laga.<\/p>\n\n\n\n<p>Las tierras de Algatoc\u00edn se extienden de este a oeste a lomos de la sierra que separa los r\u00edos Genal y Guadiaro, entre lomas de pinos, casta\u00f1os, alcornoques y encinas.<\/p>\n\n\n\n<p>En el Valle del Genal el visitante puede contemplar un caso singular de integraci\u00f3n entre el aprovechamiento humano del territorio y su medio natural. Los usos humanos, tanto en los espacios edificados como en el territorio, son generalmente un extraordinario ejemplo de respeto a la Naturaleza.<\/p>\n\n\n\n<p>M\u00e1s informaci\u00f3n <a href=\"https:\/\/es.wikipedia.org\/wiki\/Algatoc%C3%ADn\" target=\"_blank\" rel=\"noreferrer noopener\">Wikipedia.<\/a><\/p>\n\n\n\n<h4 class=\"wp-block-heading\">Ayuntamiento<\/h4>\n\n\n\n<p><a href=\"http:\/\/www.algatocin.es\/\" target=\"_blank\" rel=\"noreferrer noopener\">http:\/\/www.algatocin.es\/<\/a><\/p>\n\n\n\n<h2 class=\"wp-block-heading\">Fiestas<\/h2>\n\n\n\n<h6 class=\"wp-block-heading\"><strong>15-20 de diciembre (aprox.) Las Ma\u00f1anitas<\/strong><\/h6>\n\n\n\n<p>Las ma\u00f1anitas o misas de aguinaldo se celebran en la semana anterior a noche buena. Se celebran durante cinco d\u00edas, de mi\u00e9rcoles a domingo, coincidiendo \u00e9ste con el \u00faltimo domingo de adviento. En esta tradici\u00f3n, los vecinos de Algatoc\u00edn nos despertamos sobre las 5:30 o 6 de la madrugada para cantar villancicos por las calles del pueblo, anunciando a todos que llega la Navidad. Sobre las 6:30 se celebra una misa, en la que cada d\u00eda est\u00e1 dedicada a una parte de los componentes de los mayordomos, destinando la \u00faltima de ellas al p\u00e1rroco de la localidad. Despu\u00e9s de la misa, los mayordomos\/as tienen un local preparado donde asiste todo el que quiera, habitualmente este local es el sal\u00f3n de la juventud donde se toma chocolate caliente, an\u00eds, mantecados y otros dulces t\u00edpicos preparados por los mayordomos\/as del pueblo. Una vez en el sal\u00f3n y disfrutando de estos manjares j\u00f3venes y mayores catan villancicos hasta que poco a poco los algatocile\u00f1os se van marchando para comenzar con sus labores cotidianas.<\/p>\n\n\n\n<h6 class=\"wp-block-heading\">2 de febrero, La Candelaria.<\/h6>\n\n\n\n<p>Fiesta muy tradicional en este municipio, su d\u00eda es el 2 de Febrero, pero siempre se celebra el primer domingo de este mes para que todo el mundo pueda acudir. La fiesta tiene car\u00e1cter religioso, y consiste en una misa donde todos los ni\u00f1os\/as nacidos anteriormente a este d\u00eda, son presentados y se les hace entrega de una medalla. Todas las personas del pueblo asisten a dicha misa con sus roscas de pan para que sean bendecidas por el p\u00e1rroco. La tradici\u00f3n manda que los padrinos sean los que regalen las roscas a los m\u00e1s peque\u00f1os. Despu\u00e9s de la misa, hay una procesi\u00f3n por las calles del pueblo, donde sale la Virgen de la Candelaria acompa\u00f1ada por la Banda de M\u00fasica de Algatoc\u00edn.<\/p>\n\n\n\n<h6 class=\"wp-block-heading\">15 de mayo, San Isidro.<\/h6>\n\n\n\n<p>La romer\u00eda de San Isidro se celebra el d\u00eda 15 de mayo, en la pedan\u00eda de Salitre. Suele ser un fin de semana de fiesta donde asiste no solo el pueblo de Algatoc\u00edn, sino tambi\u00e9n los dem\u00e1s pueblos de la Serran\u00eda, por la noche suele haber baile hasta altas horas de la madrugada. El domingo por la ma\u00f1ana sale desde Algatoc\u00edn, una carroza donde va todo el Coro Rociero de Algatoc\u00edn cantando canciones hasta llegar a Salitre, una vez que est\u00e1n todas las personas all\u00ed, se celebra la misa y posteriormente se realiza una procesi\u00f3n donde San Isidro es acompa\u00f1ado por la Banda de M\u00fasica de Algatoc\u00edn, el Coro Rociero (que ha protagonizado la misa) y toda la gente que all\u00ed se encuentra. Tambi\u00e9n hay otras actividades propuestas celebradas durante estos d\u00edas, desde carreras de cintas a caballo, de motos, el tiro al plato, etc.\u2026<\/p>\n\n\n\n<h6 class=\"wp-block-heading\">24 de junio, San Juan.<\/h6>\n\n\n\n<p>El d\u00eda 24 de junio, coincidiendo con la festividad de San Juan, el pueblo de Algatocin, celebra esta fiesta repartiendo sangr\u00eda para todos los asistentes, de ello se encargan todos los Juanes y Juanas del pueblo, ya que es su d\u00eda y lo comparten con todos los habitantes y visitantes. No pod\u00eda faltar la hoguera, y la posterior quema de un mu\u00f1eco relleno de trapos viejos y paja.<\/p>\n\n\n\n<h6 class=\"wp-block-heading\">4 de octubre, San Francisco de As\u00eds. y 7 de octubre, fiesta de la patrona local, Virgen del Rosario.<\/h6>\n\n\n\n<p>Durante la primera semana de octubre, se celebra nuestra feria en honor a San Francisco de As\u00eds y la Virgen de nuestra Se\u00f1ora del Rosario. Son cuatro d\u00edas de fiesta donde se re\u00fanen muchas familias que pasan el resto del a\u00f1o fuera por diversos motivos, por tanto, durante estos d\u00edas el pueblo aumenta el n\u00famero de visitantes. El d\u00eda 4 de octubre, es el d\u00eda de San Francisco de As\u00eds y desde primera hora de la ma\u00f1ana la Banda de m\u00fasica de Algatoc\u00edn se encarga de ir casa por casa tocando \u201cFrancisco Alegre\u201d a todos los Franciscos y Franciscas del pueblo, estos agradeciendo este detalle ofrecen a los componentes de la Banda de m\u00fasica bebidas, dulces t\u00edpicos\u2026 Despu\u00e9s se celebra la misa, donde son nombrados los mayordomos\/as del a\u00f1o siguiente y posteriormente la procesi\u00f3n, donde San Francisco y la Virgen del Rosario recorren todas las calles del pueblo, acompa\u00f1ados por la Banda de m\u00fasica hasta llegar de nuevo a la iglesia. Este d\u00eda, es d\u00eda festivo en Algatoc\u00edn por lo que todo el pueblo disfruta de este d\u00eda que da comienzo a la feria del pueblo. Se realizan actividades tanto para ni\u00f1os peque\u00f1os como es el taller de los payasos, como para los adultos con su tradicional comida y actuaci\u00f3n de copla espa\u00f1ola (variando todos los a\u00f1os). Durante estos d\u00edas de feria, se organizan eventos deportivos que re\u00fanen a todos los j\u00f3venes de pueblos cercanos de la Serran\u00eda, y tambi\u00e9n la actuaci\u00f3n del grupo de baile TOP-DANCE (formado por cuatro j\u00f3venes del pueblo)<\/p>\n\n\n\n<p><strong>El d\u00eda 7 de octubre<\/strong>, se celebra el d\u00eda de Nuestra Se\u00f1ora del Rosario con una misa en su honor y una posterior procesi\u00f3n por las calles del pueblo. <strong>Este es el \u00faltimo d\u00eda de feria.<\/strong><\/p>\n\n\n\n<h2 class=\"wp-block-heading\">Hoteles y Alojamientos<\/h2>\n\n\n<p>[booking_product_helper shortname=&#8221;algatocin&#8221;]<\/p>\n\n\n\n<hr class=\"wp-block-separator has-text-color has-background has-green-background-color has-green-color\"\/>\n\n\n\n<h6 class=\"wp-block-heading\">\u00bfQu\u00e9 hacer en las Sierras, Serran\u00edas y sus pueblos? <\/h6>\n\n\n\n<p>Ferias, fiestas, recreaciones hist\u00f3ricas, rutas de tapas, teatro, rally, deportes, gu\u00edas y actividades<\/p>\n\n\n\n<p><a href=\"https:\/\/grazalemaguide.com\/quehacerenlasierras\/\">Ver el Calendario de Eventos aqui.<\/a><\/p>\n","protected":false},"excerpt":{"rendered":"<p>Algatoc\u00edn es un municipio de la provincia de M\u00e1laga, Andaluc\u00eda, situado en el oeste de la provincia en el Valle del Genal, siendo una de las poblaciones que conforman la comarca de la Serran\u00eda de Ronda. Se encuentra situada a una altitud de 725 metros y a 136 kil\u00f3metros de la capital de provincia, M\u00e1laga. &hellip; <a href=\"https:\/\/grazalemaguide.com\/quehacerenlasierras\/algatocin\/\" class=\"more-link\">Continue reading <span class=\"screen-reader-text\">Algatoc\u00edn<\/span> <span class=\"meta-nav\">&rarr;<\/span><\/a><\/p>\n","protected":false},"author":1,"featured_media":192,"parent":0,"menu_order":0,"comment_status":"open","ping_status":"closed","template":"","meta":{"footnotes":""},"class_list":["post-190","page","type-page","status-publish","has-post-thumbnail","hentry"],"yoast_head":"<!-- This site is optimized with the Yoast SEO plugin v27.3 - https:\/\/yoast.com\/product\/yoast-seo-wordpress\/ -->\n<title>Algatoc\u00edn - Calendario de eventos en las sierras, serran\u00edas y sus pueblos<\/title>\n<meta name=\"description\" content=\"Las tierras de Algatoc\u00edn se extienden de este a oeste a lomos de la sierra que separa los r\u00edos Genal y Guadiaro., entre lomas de pinos, casta\u00f1os.\" \/>\n<meta name=\"robots\" content=\"index, follow, max-snippet:-1, max-image-preview:large, max-video-preview:-1\" \/>\n<link rel=\"canonical\" href=\"https:\/\/grazalemaguide.com\/quehacerenlasierras\/algatocin\/\" \/>\n<meta property=\"og:locale\" content=\"en_US\" \/>\n<meta property=\"og:type\" content=\"article\" \/>\n<meta property=\"og:title\" content=\"Algatoc\u00edn - Calendario de eventos en las sierras, serran\u00edas y sus pueblos\" \/>\n<meta property=\"og:description\" content=\"Las tierras de Algatoc\u00edn se extienden de este a oeste a lomos de la sierra que separa los r\u00edos Genal y Guadiaro., entre lomas de pinos, casta\u00f1os.\" \/>\n<meta property=\"og:url\" content=\"https:\/\/grazalemaguide.com\/quehacerenlasierras\/algatocin\/\" \/>\n<meta property=\"og:site_name\" content=\"Calendario de eventos en las sierras, serran\u00edas y sus pueblos\" \/>\n<meta property=\"article:publisher\" content=\"https:\/\/www.facebook.com\/wildsideholidays\/\" \/>\n<meta property=\"article:modified_time\" content=\"2020-09-23T08:44:58+00:00\" \/>\n<meta property=\"og:image\" content=\"https:\/\/grazalemaguide.com\/quehacerenlasierras\/wp-content\/uploads\/sites\/2\/2020\/05\/Algatocin.jpg\" \/>\n\t<meta property=\"og:image:width\" content=\"800\" \/>\n\t<meta property=\"og:image:height\" content=\"535\" \/>\n\t<meta property=\"og:image:type\" content=\"image\/jpeg\" \/>\n<meta name=\"twitter:card\" content=\"summary_large_image\" \/>\n<meta name=\"twitter:site\" content=\"@GrazalemaGuide\" \/>\n<meta name=\"twitter:label1\" content=\"Est. reading time\" \/>\n\t<meta name=\"twitter:data1\" content=\"6 minutes\" \/>\n<script type=\"application\/ld+json\" class=\"yoast-schema-graph\">{\"@context\":\"https:\\\/\\\/schema.org\",\"@graph\":[{\"@type\":\"WebPage\",\"@id\":\"https:\\\/\\\/grazalemaguide.com\\\/quehacerenlasierras\\\/algatocin\\\/\",\"url\":\"https:\\\/\\\/grazalemaguide.com\\\/quehacerenlasierras\\\/algatocin\\\/\",\"name\":\"Algatoc\u00edn - Calendario de eventos en las sierras, serran\u00edas y sus pueblos\",\"isPartOf\":{\"@id\":\"https:\\\/\\\/grazalemaguide.com\\\/quehacerenlasierras\\\/#website\"},\"primaryImageOfPage\":{\"@id\":\"https:\\\/\\\/grazalemaguide.com\\\/quehacerenlasierras\\\/algatocin\\\/#primaryimage\"},\"image\":{\"@id\":\"https:\\\/\\\/grazalemaguide.com\\\/quehacerenlasierras\\\/algatocin\\\/#primaryimage\"},\"thumbnailUrl\":\"https:\\\/\\\/grazalemaguide.com\\\/quehacerenlasierras\\\/wp-content\\\/uploads\\\/sites\\\/2\\\/2020\\\/05\\\/Algatocin.jpg\",\"datePublished\":\"2020-05-28T09:28:35+00:00\",\"dateModified\":\"2020-09-23T08:44:58+00:00\",\"description\":\"Las tierras de Algatoc\u00edn se extienden de este a oeste a lomos de la sierra que separa los r\u00edos Genal y Guadiaro., entre lomas de pinos, casta\u00f1os.\",\"breadcrumb\":{\"@id\":\"https:\\\/\\\/grazalemaguide.com\\\/quehacerenlasierras\\\/algatocin\\\/#breadcrumb\"},\"inLanguage\":\"en-US\",\"potentialAction\":[{\"@type\":\"ReadAction\",\"target\":[\"https:\\\/\\\/grazalemaguide.com\\\/quehacerenlasierras\\\/algatocin\\\/\"]}]},{\"@type\":\"ImageObject\",\"inLanguage\":\"en-US\",\"@id\":\"https:\\\/\\\/grazalemaguide.com\\\/quehacerenlasierras\\\/algatocin\\\/#primaryimage\",\"url\":\"https:\\\/\\\/grazalemaguide.com\\\/quehacerenlasierras\\\/wp-content\\\/uploads\\\/sites\\\/2\\\/2020\\\/05\\\/Algatocin.jpg\",\"contentUrl\":\"https:\\\/\\\/grazalemaguide.com\\\/quehacerenlasierras\\\/wp-content\\\/uploads\\\/sites\\\/2\\\/2020\\\/05\\\/Algatocin.jpg\",\"width\":800,\"height\":535,\"caption\":\"Algatoc\u00edn es un municipio espa\u00f1ol de la provincia de M\u00e1laga, Andaluc\u00eda\"},{\"@type\":\"BreadcrumbList\",\"@id\":\"https:\\\/\\\/grazalemaguide.com\\\/quehacerenlasierras\\\/algatocin\\\/#breadcrumb\",\"itemListElement\":[{\"@type\":\"ListItem\",\"position\":1,\"name\":\"Home\",\"item\":\"https:\\\/\\\/grazalemaguide.com\\\/quehacerenlasierras\\\/\"},{\"@type\":\"ListItem\",\"position\":2,\"name\":\"Algatoc\u00edn\"}]},{\"@type\":\"WebSite\",\"@id\":\"https:\\\/\\\/grazalemaguide.com\\\/quehacerenlasierras\\\/#website\",\"url\":\"https:\\\/\\\/grazalemaguide.com\\\/quehacerenlasierras\\\/\",\"name\":\"Calendario de eventos en las sierras, serran\u00edas y sus pueblos\",\"description\":\"\u00bfQu\u00e9 hacer en las Sierras, Serran\u00edas y sus pueblos? Ferias, fiestas, recreaciones hist\u00f3ricas, rutas de tapas, teatro, rally, deportes, gu\u00edas y actividades\",\"publisher\":{\"@id\":\"https:\\\/\\\/grazalemaguide.com\\\/quehacerenlasierras\\\/#\\\/schema\\\/person\\\/f24688c26be666f9001ed7cb3d7d2e3a\"},\"potentialAction\":[{\"@type\":\"SearchAction\",\"target\":{\"@type\":\"EntryPoint\",\"urlTemplate\":\"https:\\\/\\\/grazalemaguide.com\\\/quehacerenlasierras\\\/?s={search_term_string}\"},\"query-input\":{\"@type\":\"PropertyValueSpecification\",\"valueRequired\":true,\"valueName\":\"search_term_string\"}}],\"inLanguage\":\"en-US\"},{\"@type\":[\"Person\",\"Organization\"],\"@id\":\"https:\\\/\\\/grazalemaguide.com\\\/quehacerenlasierras\\\/#\\\/schema\\\/person\\\/f24688c26be666f9001ed7cb3d7d2e3a\",\"name\":\"Clive Muir\",\"image\":{\"@type\":\"ImageObject\",\"inLanguage\":\"en-US\",\"@id\":\"https:\\\/\\\/secure.gravatar.com\\\/avatar\\\/0cd1ec277564b2e62b29d49d1c588efa39fbdeed25940f60cb667d96e5c29e1e?s=96&d=mm&r=g\",\"url\":\"https:\\\/\\\/secure.gravatar.com\\\/avatar\\\/0cd1ec277564b2e62b29d49d1c588efa39fbdeed25940f60cb667d96e5c29e1e?s=96&d=mm&r=g\",\"contentUrl\":\"https:\\\/\\\/secure.gravatar.com\\\/avatar\\\/0cd1ec277564b2e62b29d49d1c588efa39fbdeed25940f60cb667d96e5c29e1e?s=96&d=mm&r=g\",\"caption\":\"Clive Muir\"},\"logo\":{\"@id\":\"https:\\\/\\\/secure.gravatar.com\\\/avatar\\\/0cd1ec277564b2e62b29d49d1c588efa39fbdeed25940f60cb667d96e5c29e1e?s=96&d=mm&r=g\"},\"description\":\"I\u2019ve been living in this lovely area of Western Andalucia for the last 20 years or so and dedicate most of my time to the running of English language tourist information websites for the towns of C\u00e1diz, Ronda, Grazalema, the famous or infamous Caminito del Rey, and also Wildside Holidays, which promotes sustainable and eco-friendly businesses running wildlife and walking holidays in Spain. My articles contain affiliate links that will help you reserve a hotel, bus, train or activity in the area. You don't pay more, but by using them you do support this website. Thankyou!\",\"sameAs\":[\"https:\\\/\\\/grazalemaguide.com\\\/\",\"https:\\\/\\\/www.facebook.com\\\/wildsideholidays\\\/\",\"https:\\\/\\\/www.linkedin.com\\\/in\\\/wildsideholidays\\\/\",\"https:\\\/\\\/x.com\\\/https:\\\/\\\/twitter.com\\\/GrazalemaGuide\",\"https:\\\/\\\/www.youtube.com\\\/channel\\\/UC6VDf8hywG6O6F1wgMtfMDw\"]}]}<\/script>\n<!-- \/ Yoast SEO plugin. -->","yoast_head_json":{"title":"Algatoc\u00edn - Calendario de eventos en las sierras, serran\u00edas y sus pueblos","description":"Las tierras de Algatoc\u00edn se extienden de este a oeste a lomos de la sierra que separa los r\u00edos Genal y Guadiaro., entre lomas de pinos, casta\u00f1os.","robots":{"index":"index","follow":"follow","max-snippet":"max-snippet:-1","max-image-preview":"max-image-preview:large","max-video-preview":"max-video-preview:-1"},"canonical":"https:\/\/grazalemaguide.com\/quehacerenlasierras\/algatocin\/","og_locale":"en_US","og_type":"article","og_title":"Algatoc\u00edn - Calendario de eventos en las sierras, serran\u00edas y sus pueblos","og_description":"Las tierras de Algatoc\u00edn se extienden de este a oeste a lomos de la sierra que separa los r\u00edos Genal y Guadiaro., entre lomas de pinos, casta\u00f1os.","og_url":"https:\/\/grazalemaguide.com\/quehacerenlasierras\/algatocin\/","og_site_name":"Calendario de eventos en las sierras, serran\u00edas y sus pueblos","article_publisher":"https:\/\/www.facebook.com\/wildsideholidays\/","article_modified_time":"2020-09-23T08:44:58+00:00","og_image":[{"width":800,"height":535,"url":"https:\/\/grazalemaguide.com\/quehacerenlasierras\/wp-content\/uploads\/sites\/2\/2020\/05\/Algatocin.jpg","type":"image\/jpeg"}],"twitter_card":"summary_large_image","twitter_site":"@GrazalemaGuide","twitter_misc":{"Est. reading time":"6 minutes"},"schema":{"@context":"https:\/\/schema.org","@graph":[{"@type":"WebPage","@id":"https:\/\/grazalemaguide.com\/quehacerenlasierras\/algatocin\/","url":"https:\/\/grazalemaguide.com\/quehacerenlasierras\/algatocin\/","name":"Algatoc\u00edn - Calendario de eventos en las sierras, serran\u00edas y sus pueblos","isPartOf":{"@id":"https:\/\/grazalemaguide.com\/quehacerenlasierras\/#website"},"primaryImageOfPage":{"@id":"https:\/\/grazalemaguide.com\/quehacerenlasierras\/algatocin\/#primaryimage"},"image":{"@id":"https:\/\/grazalemaguide.com\/quehacerenlasierras\/algatocin\/#primaryimage"},"thumbnailUrl":"https:\/\/grazalemaguide.com\/quehacerenlasierras\/wp-content\/uploads\/sites\/2\/2020\/05\/Algatocin.jpg","datePublished":"2020-05-28T09:28:35+00:00","dateModified":"2020-09-23T08:44:58+00:00","description":"Las tierras de Algatoc\u00edn se extienden de este a oeste a lomos de la sierra que separa los r\u00edos Genal y Guadiaro., entre lomas de pinos, casta\u00f1os.","breadcrumb":{"@id":"https:\/\/grazalemaguide.com\/quehacerenlasierras\/algatocin\/#breadcrumb"},"inLanguage":"en-US","potentialAction":[{"@type":"ReadAction","target":["https:\/\/grazalemaguide.com\/quehacerenlasierras\/algatocin\/"]}]},{"@type":"ImageObject","inLanguage":"en-US","@id":"https:\/\/grazalemaguide.com\/quehacerenlasierras\/algatocin\/#primaryimage","url":"https:\/\/grazalemaguide.com\/quehacerenlasierras\/wp-content\/uploads\/sites\/2\/2020\/05\/Algatocin.jpg","contentUrl":"https:\/\/grazalemaguide.com\/quehacerenlasierras\/wp-content\/uploads\/sites\/2\/2020\/05\/Algatocin.jpg","width":800,"height":535,"caption":"Algatoc\u00edn es un municipio espa\u00f1ol de la provincia de M\u00e1laga, Andaluc\u00eda"},{"@type":"BreadcrumbList","@id":"https:\/\/grazalemaguide.com\/quehacerenlasierras\/algatocin\/#breadcrumb","itemListElement":[{"@type":"ListItem","position":1,"name":"Home","item":"https:\/\/grazalemaguide.com\/quehacerenlasierras\/"},{"@type":"ListItem","position":2,"name":"Algatoc\u00edn"}]},{"@type":"WebSite","@id":"https:\/\/grazalemaguide.com\/quehacerenlasierras\/#website","url":"https:\/\/grazalemaguide.com\/quehacerenlasierras\/","name":"Calendario de eventos en las sierras, serran\u00edas y sus pueblos","description":"\u00bfQu\u00e9 hacer en las Sierras, Serran\u00edas y sus pueblos? Ferias, fiestas, recreaciones hist\u00f3ricas, rutas de tapas, teatro, rally, deportes, gu\u00edas y actividades","publisher":{"@id":"https:\/\/grazalemaguide.com\/quehacerenlasierras\/#\/schema\/person\/f24688c26be666f9001ed7cb3d7d2e3a"},"potentialAction":[{"@type":"SearchAction","target":{"@type":"EntryPoint","urlTemplate":"https:\/\/grazalemaguide.com\/quehacerenlasierras\/?s={search_term_string}"},"query-input":{"@type":"PropertyValueSpecification","valueRequired":true,"valueName":"search_term_string"}}],"inLanguage":"en-US"},{"@type":["Person","Organization"],"@id":"https:\/\/grazalemaguide.com\/quehacerenlasierras\/#\/schema\/person\/f24688c26be666f9001ed7cb3d7d2e3a","name":"Clive Muir","image":{"@type":"ImageObject","inLanguage":"en-US","@id":"https:\/\/secure.gravatar.com\/avatar\/0cd1ec277564b2e62b29d49d1c588efa39fbdeed25940f60cb667d96e5c29e1e?s=96&d=mm&r=g","url":"https:\/\/secure.gravatar.com\/avatar\/0cd1ec277564b2e62b29d49d1c588efa39fbdeed25940f60cb667d96e5c29e1e?s=96&d=mm&r=g","contentUrl":"https:\/\/secure.gravatar.com\/avatar\/0cd1ec277564b2e62b29d49d1c588efa39fbdeed25940f60cb667d96e5c29e1e?s=96&d=mm&r=g","caption":"Clive Muir"},"logo":{"@id":"https:\/\/secure.gravatar.com\/avatar\/0cd1ec277564b2e62b29d49d1c588efa39fbdeed25940f60cb667d96e5c29e1e?s=96&d=mm&r=g"},"description":"I\u2019ve been living in this lovely area of Western Andalucia for the last 20 years or so and dedicate most of my time to the running of English language tourist information websites for the towns of C\u00e1diz, Ronda, Grazalema, the famous or infamous Caminito del Rey, and also Wildside Holidays, which promotes sustainable and eco-friendly businesses running wildlife and walking holidays in Spain. My articles contain affiliate links that will help you reserve a hotel, bus, train or activity in the area. You don't pay more, but by using them you do support this website. Thankyou!","sameAs":["https:\/\/grazalemaguide.com\/","https:\/\/www.facebook.com\/wildsideholidays\/","https:\/\/www.linkedin.com\/in\/wildsideholidays\/","https:\/\/x.com\/https:\/\/twitter.com\/GrazalemaGuide","https:\/\/www.youtube.com\/channel\/UC6VDf8hywG6O6F1wgMtfMDw"]}]}},"_links":{"self":[{"href":"https:\/\/grazalemaguide.com\/quehacerenlasierras\/wp-json\/wp\/v2\/pages\/190","targetHints":{"allow":["GET"]}}],"collection":[{"href":"https:\/\/grazalemaguide.com\/quehacerenlasierras\/wp-json\/wp\/v2\/pages"}],"about":[{"href":"https:\/\/grazalemaguide.com\/quehacerenlasierras\/wp-json\/wp\/v2\/types\/page"}],"author":[{"embeddable":true,"href":"https:\/\/grazalemaguide.com\/quehacerenlasierras\/wp-json\/wp\/v2\/users\/1"}],"replies":[{"embeddable":true,"href":"https:\/\/grazalemaguide.com\/quehacerenlasierras\/wp-json\/wp\/v2\/comments?post=190"}],"version-history":[{"count":0,"href":"https:\/\/grazalemaguide.com\/quehacerenlasierras\/wp-json\/wp\/v2\/pages\/190\/revisions"}],"wp:featuredmedia":[{"embeddable":true,"href":"https:\/\/grazalemaguide.com\/quehacerenlasierras\/wp-json\/wp\/v2\/media\/192"}],"wp:attachment":[{"href":"https:\/\/grazalemaguide.com\/quehacerenlasierras\/wp-json\/wp\/v2\/media?parent=190"}],"curies":[{"name":"wp","href":"https:\/\/api.w.org\/{rel}","templated":true}]}}