{"id":384,"date":"2020-06-15T17:19:10","date_gmt":"2020-06-15T17:19:10","guid":{"rendered":"http:\/\/grazalemaguide.com\/quehacerenlasierras\/?page_id=384"},"modified":"2020-06-15T17:19:11","modified_gmt":"2020-06-15T17:19:11","slug":"gaucin","status":"publish","type":"page","link":"https:\/\/grazalemaguide.com\/quehacerenlasierras\/gaucin\/","title":{"rendered":"Gauc\u00edn"},"content":{"rendered":"\n<p>Gauc\u00edn es un municipio de Andaluc\u00eda. Est\u00e1 situado en el oeste de la provincia de M\u00e1laga, en el Valle del Genal, siendo una de las poblaciones que conforman la comarca de la Serran\u00eda de Ronda.<\/p>\n\n\n\n<p>Es el primer pueblo de la Serran\u00eda de Ronda que se encuentra en la carretera que une el Campo de Gibraltar con la ciudad de Ronda. Es uno de los pueblos blancos que se encajan en las laderas de las monta\u00f1as que acogen al r\u00edo Genal.<\/p>\n\n\n\n<p>Gauc\u00edn presenta un paisaje variado de alcornoques, encinas y bosquetes de pinos, as\u00ed como formaciones de arbustos mezcladas con casta\u00f1os y acebuches, adem\u00e1s de sus huertas y casas rurales junto a la variada vegetaci\u00f3n de sus riberas.<\/p>\n\n\n\n<p>El pueblo est\u00e1 situado en la vaguada de la Sierra del Hacho, bajo el castillo del \u00c1guila, que tuvo un gran valor estrat\u00e9gico ya que con Gibraltar constitu\u00eda la defensa de la entrada por el sur. Construido por los romanos, fueron los \u00e1rabes quienes dejaron m\u00e1s huellas en el recinto.<\/p>\n\n\n\n<p>Sus calles, de trazado morisco, se adaptan a la colina, donde se asientan sus casas blancas adornadas con rejas y balcones, obra de artesanos de la fragua y la forja. En cuanto a sus monumentos destaca su Iglesia de San Sebasti\u00e1n (siglo XVI), el convento de las Carmelitas, la Fuente de los Seis Ca\u00f1os, adem\u00e1s de una serie de casas se\u00f1oriales (siglos XVII-XVIII), con puertas adinteladas y escudos nobiliarios tallados en piedra.<\/p>\n\n\n\n<p>M\u00e1s informaci\u00f3n <a href=\"https:\/\/es.wikipedia.org\/wiki\/Gauc%C3%ADn\" target=\"_blank\" rel=\"noreferrer noopener\">en Wikipedia<\/a><\/p>\n\n\n\n<h4 class=\"wp-block-heading\">Paisajes<\/h4>\n\n\n\n<p>Gauc\u00edn presenta uno de los paisajes m\u00e1s variados de la provincia. En la Sierra del Hacho, aunque no muy alta (1.011 m.), las laderas son muy empinadas, con abundante matorral all\u00ed donde no aflora la roca, dando una gran vistosidad.<\/p>\n\n\n\n<p>El resto de las sierras son de menor altitud presentando una densa cubierta vegetal compuesta fundamentalmente por alcornoques, encinas y bosquetes de pinos, as\u00ed como, formaciones de arbustos mezcladas con casta\u00f1os y acebuches.<\/p>\n\n\n\n<p>A la exuberancia de estas laderas, se une en el fondo del valle del Genal un atractivo paisaje agr\u00edcola que aprovecha los meandros del r\u00edo y extiende huertas y casas rurales junto a la variada vegetaci\u00f3n de las riberas del r\u00edo.<\/p>\n\n\n\n<h4 class=\"wp-block-heading\">Ayuntamiento de Gauc\u00edn<\/h4>\n\n\n\n<p>Web: <a href=\"http:\/\/www.gaucin.es\" target=\"_blank\" rel=\"noreferrer noopener\">http:\/\/www.gaucin.es<\/a><br>Facebook: <a href=\"https:\/\/www.facebook.com\/ayuntamiento.gaucin\/\" target=\"_blank\" rel=\"noreferrer noopener\">https:\/\/www.facebook.com\/ayuntamiento.gaucin\/<\/a><\/p>\n\n\n\n<hr class=\"wp-block-separator has-text-color has-background has-green-background-color has-green-color\"\/>\n\n\n<p>[booking_product_helper shortname=&#8221;gauc\u00edn&#8221;]<\/p>\n\n\n\n<hr class=\"wp-block-separator has-text-color has-background has-green-background-color has-green-color\"\/>\n\n\n\n<h4 class=\"wp-block-heading\">Fiestas.<\/h4>\n\n\n\n<p>En Gauc\u00edn se celebran gran n\u00famero de fiestas durante todo el a\u00f1o.<\/p>\n\n\n\n<ul class=\"wp-block-list\"><li>El a\u00f1o empieza con la celebraci\u00f3n el 28 de febrero del Dia de Andaluc\u00eda.  A finales de febrero primeros de marzo tiene lugar el carnaval.<\/li><li>En marzo\/abril se celebra la pasi\u00f3n de la Semana Santa.como colof\u00f3n a la misma se celebra el domingo de resurrecci\u00f3n la fiesta del Toro de Cuerda, que no es otra cosa que dejar medio en libertad a un novillo o un toro atado con una cuerda para ser toreado en la plaza del pueblo.<\/li><li>En Mayo\/junio se celebra la Toma de Gauc\u00edn por los franceses, en donde todo el pueblo hace una recreaci\u00f3n de la invasi\u00f3n del pueblo por parte de las tropas francesas.<\/li><li>La noche del 23 de junio se encienden las candelas y al d\u00eda siguiente se organiza la romer\u00eda de San Juan.<\/li><li>En la segunda semana de agosto se celebra la feria de la Virgen de las Nieves; durante tres d\u00edas, alrededor del 8 de septiembre tiene lugar la fiesta del Santo Ni\u00f1o.<\/li><\/ul>\n\n\n\n<hr class=\"wp-block-separator has-text-color has-background has-green-background-color has-green-color\"\/>\n\n\n\n<p>\u00bfQu\u00e9 hacer en las Sierras, Serran\u00edas y sus pueblos?<\/p>\n\n\n\n<p>Ferias, fiestas, recreaciones hist\u00f3ricas, rutas de tapas, teatro, rally, deportes, gu\u00edas y actividades<\/p>\n\n\n\n<p><a href=\"https:\/\/grazalemaguide.com\/quehacerenlasierras\/\">Ver el Calendario de Eventos aqui.<\/a><\/p>\n","protected":false},"excerpt":{"rendered":"<p>Gauc\u00edn es un municipio de Andaluc\u00eda. Est\u00e1 situado en el oeste de la provincia de M\u00e1laga, en el Valle del Genal, siendo una de las poblaciones que conforman la comarca de la Serran\u00eda de Ronda. Es el primer pueblo de la Serran\u00eda de Ronda que se encuentra en la carretera que une el Campo de &hellip; <a href=\"https:\/\/grazalemaguide.com\/quehacerenlasierras\/gaucin\/\" class=\"more-link\">Continue reading <span class=\"screen-reader-text\">Gauc\u00edn<\/span> <span class=\"meta-nav\">&rarr;<\/span><\/a><\/p>\n","protected":false},"author":1,"featured_media":386,"parent":0,"menu_order":0,"comment_status":"open","ping_status":"closed","template":"","meta":{"footnotes":""},"class_list":["post-384","page","type-page","status-publish","has-post-thumbnail","hentry"],"yoast_head":"<!-- This site is optimized with the Yoast SEO plugin v27.5 - https:\/\/yoast.com\/product\/yoast-seo-wordpress\/ -->\n<title>Gauc\u00edn - Calendario de eventos en las sierras, serran\u00edas y sus pueblos<\/title>\n<meta name=\"description\" content=\"Gauc\u00edn es un municipio de Andaluc\u00eda. Est\u00e1 situado en el oeste de la provincia de M\u00e1laga, en el Valle del Genal\" \/>\n<meta name=\"robots\" content=\"index, follow, max-snippet:-1, max-image-preview:large, max-video-preview:-1\" \/>\n<link rel=\"canonical\" href=\"https:\/\/grazalemaguide.com\/quehacerenlasierras\/gaucin\/\" \/>\n<meta property=\"og:locale\" content=\"en_US\" \/>\n<meta property=\"og:type\" content=\"article\" \/>\n<meta property=\"og:title\" content=\"Gauc\u00edn - Calendario de eventos en las sierras, serran\u00edas y sus pueblos\" \/>\n<meta property=\"og:description\" content=\"Gauc\u00edn es un municipio de Andaluc\u00eda. Est\u00e1 situado en el oeste de la provincia de M\u00e1laga, en el Valle del Genal\" \/>\n<meta property=\"og:url\" content=\"https:\/\/grazalemaguide.com\/quehacerenlasierras\/gaucin\/\" \/>\n<meta property=\"og:site_name\" content=\"Calendario de eventos en las sierras, serran\u00edas y sus pueblos\" \/>\n<meta property=\"article:publisher\" content=\"https:\/\/www.facebook.com\/wildsideholidays\/\" \/>\n<meta property=\"article:modified_time\" content=\"2020-06-15T17:19:11+00:00\" \/>\n<meta property=\"og:image\" content=\"https:\/\/grazalemaguide.com\/quehacerenlasierras\/wp-content\/uploads\/sites\/2\/2020\/06\/Gauc\u00edn.jpg\" \/>\n\t<meta property=\"og:image:width\" content=\"1024\" \/>\n\t<meta property=\"og:image:height\" content=\"682\" \/>\n\t<meta property=\"og:image:type\" content=\"image\/jpeg\" \/>\n<meta name=\"twitter:card\" content=\"summary_large_image\" \/>\n<meta name=\"twitter:site\" content=\"@GrazalemaGuide\" \/>\n<meta name=\"twitter:label1\" content=\"Est. reading time\" \/>\n\t<meta name=\"twitter:data1\" content=\"3 minutes\" \/>\n<script type=\"application\/ld+json\" class=\"yoast-schema-graph\">{\"@context\":\"https:\\\/\\\/schema.org\",\"@graph\":[{\"@type\":\"WebPage\",\"@id\":\"https:\\\/\\\/grazalemaguide.com\\\/quehacerenlasierras\\\/gaucin\\\/\",\"url\":\"https:\\\/\\\/grazalemaguide.com\\\/quehacerenlasierras\\\/gaucin\\\/\",\"name\":\"Gauc\u00edn - Calendario de eventos en las sierras, serran\u00edas y sus pueblos\",\"isPartOf\":{\"@id\":\"https:\\\/\\\/grazalemaguide.com\\\/quehacerenlasierras\\\/#website\"},\"primaryImageOfPage\":{\"@id\":\"https:\\\/\\\/grazalemaguide.com\\\/quehacerenlasierras\\\/gaucin\\\/#primaryimage\"},\"image\":{\"@id\":\"https:\\\/\\\/grazalemaguide.com\\\/quehacerenlasierras\\\/gaucin\\\/#primaryimage\"},\"thumbnailUrl\":\"https:\\\/\\\/grazalemaguide.com\\\/quehacerenlasierras\\\/wp-content\\\/uploads\\\/sites\\\/2\\\/2020\\\/06\\\/Gauc\u00edn.jpg\",\"datePublished\":\"2020-06-15T17:19:10+00:00\",\"dateModified\":\"2020-06-15T17:19:11+00:00\",\"description\":\"Gauc\u00edn es un municipio de Andaluc\u00eda. Est\u00e1 situado en el oeste de la provincia de M\u00e1laga, en el Valle del Genal\",\"breadcrumb\":{\"@id\":\"https:\\\/\\\/grazalemaguide.com\\\/quehacerenlasierras\\\/gaucin\\\/#breadcrumb\"},\"inLanguage\":\"en-US\",\"potentialAction\":[{\"@type\":\"ReadAction\",\"target\":[\"https:\\\/\\\/grazalemaguide.com\\\/quehacerenlasierras\\\/gaucin\\\/\"]}]},{\"@type\":\"ImageObject\",\"inLanguage\":\"en-US\",\"@id\":\"https:\\\/\\\/grazalemaguide.com\\\/quehacerenlasierras\\\/gaucin\\\/#primaryimage\",\"url\":\"https:\\\/\\\/grazalemaguide.com\\\/quehacerenlasierras\\\/wp-content\\\/uploads\\\/sites\\\/2\\\/2020\\\/06\\\/Gauc\u00edn.jpg\",\"contentUrl\":\"https:\\\/\\\/grazalemaguide.com\\\/quehacerenlasierras\\\/wp-content\\\/uploads\\\/sites\\\/2\\\/2020\\\/06\\\/Gauc\u00edn.jpg\",\"width\":1024,\"height\":682,\"caption\":\"De JoseTomasTocino - Trabajo propio, CC BY-SA 4.0, https:\\\/\\\/commons.wikimedia.org\\\/w\\\/index.php?curid=34112274\"},{\"@type\":\"BreadcrumbList\",\"@id\":\"https:\\\/\\\/grazalemaguide.com\\\/quehacerenlasierras\\\/gaucin\\\/#breadcrumb\",\"itemListElement\":[{\"@type\":\"ListItem\",\"position\":1,\"name\":\"Home\",\"item\":\"https:\\\/\\\/grazalemaguide.com\\\/quehacerenlasierras\\\/\"},{\"@type\":\"ListItem\",\"position\":2,\"name\":\"Gauc\u00edn\"}]},{\"@type\":\"WebSite\",\"@id\":\"https:\\\/\\\/grazalemaguide.com\\\/quehacerenlasierras\\\/#website\",\"url\":\"https:\\\/\\\/grazalemaguide.com\\\/quehacerenlasierras\\\/\",\"name\":\"Calendario de eventos en las sierras, serran\u00edas y sus pueblos\",\"description\":\"\u00bfQu\u00e9 hacer en las Sierras, Serran\u00edas y sus pueblos? Ferias, fiestas, recreaciones hist\u00f3ricas, rutas de tapas, teatro, rally, deportes, gu\u00edas y actividades\",\"publisher\":{\"@id\":\"https:\\\/\\\/grazalemaguide.com\\\/quehacerenlasierras\\\/#\\\/schema\\\/person\\\/f24688c26be666f9001ed7cb3d7d2e3a\"},\"potentialAction\":[{\"@type\":\"SearchAction\",\"target\":{\"@type\":\"EntryPoint\",\"urlTemplate\":\"https:\\\/\\\/grazalemaguide.com\\\/quehacerenlasierras\\\/?s={search_term_string}\"},\"query-input\":{\"@type\":\"PropertyValueSpecification\",\"valueRequired\":true,\"valueName\":\"search_term_string\"}}],\"inLanguage\":\"en-US\"},{\"@type\":[\"Person\",\"Organization\"],\"@id\":\"https:\\\/\\\/grazalemaguide.com\\\/quehacerenlasierras\\\/#\\\/schema\\\/person\\\/f24688c26be666f9001ed7cb3d7d2e3a\",\"name\":\"Clive Muir\",\"image\":{\"@type\":\"ImageObject\",\"inLanguage\":\"en-US\",\"@id\":\"https:\\\/\\\/secure.gravatar.com\\\/avatar\\\/0cd1ec277564b2e62b29d49d1c588efa39fbdeed25940f60cb667d96e5c29e1e?s=96&d=mm&r=g\",\"url\":\"https:\\\/\\\/secure.gravatar.com\\\/avatar\\\/0cd1ec277564b2e62b29d49d1c588efa39fbdeed25940f60cb667d96e5c29e1e?s=96&d=mm&r=g\",\"contentUrl\":\"https:\\\/\\\/secure.gravatar.com\\\/avatar\\\/0cd1ec277564b2e62b29d49d1c588efa39fbdeed25940f60cb667d96e5c29e1e?s=96&d=mm&r=g\",\"caption\":\"Clive Muir\"},\"logo\":{\"@id\":\"https:\\\/\\\/secure.gravatar.com\\\/avatar\\\/0cd1ec277564b2e62b29d49d1c588efa39fbdeed25940f60cb667d96e5c29e1e?s=96&d=mm&r=g\"},\"description\":\"I\u2019ve been living in this lovely area of Western Andalucia for the last 20 years or so and dedicate most of my time to the running of English language tourist information websites for the towns of C\u00e1diz, Ronda, Grazalema, the famous or infamous Caminito del Rey, and also Wildside Holidays, which promotes sustainable and eco-friendly businesses running wildlife and walking holidays in Spain. My articles contain affiliate links that will help you reserve a hotel, bus, train or activity in the area. You don't pay more, but by using them you do support this website. Thankyou!\",\"sameAs\":[\"https:\\\/\\\/grazalemaguide.com\\\/\",\"https:\\\/\\\/www.facebook.com\\\/wildsideholidays\\\/\",\"https:\\\/\\\/www.linkedin.com\\\/in\\\/wildsideholidays\\\/\",\"https:\\\/\\\/x.com\\\/https:\\\/\\\/twitter.com\\\/GrazalemaGuide\",\"https:\\\/\\\/www.youtube.com\\\/channel\\\/UC6VDf8hywG6O6F1wgMtfMDw\"]}]}<\/script>\n<!-- \/ Yoast SEO plugin. -->","yoast_head_json":{"title":"Gauc\u00edn - Calendario de eventos en las sierras, serran\u00edas y sus pueblos","description":"Gauc\u00edn es un municipio de Andaluc\u00eda. Est\u00e1 situado en el oeste de la provincia de M\u00e1laga, en el Valle del Genal","robots":{"index":"index","follow":"follow","max-snippet":"max-snippet:-1","max-image-preview":"max-image-preview:large","max-video-preview":"max-video-preview:-1"},"canonical":"https:\/\/grazalemaguide.com\/quehacerenlasierras\/gaucin\/","og_locale":"en_US","og_type":"article","og_title":"Gauc\u00edn - Calendario de eventos en las sierras, serran\u00edas y sus pueblos","og_description":"Gauc\u00edn es un municipio de Andaluc\u00eda. Est\u00e1 situado en el oeste de la provincia de M\u00e1laga, en el Valle del Genal","og_url":"https:\/\/grazalemaguide.com\/quehacerenlasierras\/gaucin\/","og_site_name":"Calendario de eventos en las sierras, serran\u00edas y sus pueblos","article_publisher":"https:\/\/www.facebook.com\/wildsideholidays\/","article_modified_time":"2020-06-15T17:19:11+00:00","og_image":[{"width":1024,"height":682,"url":"https:\/\/grazalemaguide.com\/quehacerenlasierras\/wp-content\/uploads\/sites\/2\/2020\/06\/Gauc\u00edn.jpg","type":"image\/jpeg"}],"twitter_card":"summary_large_image","twitter_site":"@GrazalemaGuide","twitter_misc":{"Est. reading time":"3 minutes"},"schema":{"@context":"https:\/\/schema.org","@graph":[{"@type":"WebPage","@id":"https:\/\/grazalemaguide.com\/quehacerenlasierras\/gaucin\/","url":"https:\/\/grazalemaguide.com\/quehacerenlasierras\/gaucin\/","name":"Gauc\u00edn - Calendario de eventos en las sierras, serran\u00edas y sus pueblos","isPartOf":{"@id":"https:\/\/grazalemaguide.com\/quehacerenlasierras\/#website"},"primaryImageOfPage":{"@id":"https:\/\/grazalemaguide.com\/quehacerenlasierras\/gaucin\/#primaryimage"},"image":{"@id":"https:\/\/grazalemaguide.com\/quehacerenlasierras\/gaucin\/#primaryimage"},"thumbnailUrl":"https:\/\/grazalemaguide.com\/quehacerenlasierras\/wp-content\/uploads\/sites\/2\/2020\/06\/Gauc\u00edn.jpg","datePublished":"2020-06-15T17:19:10+00:00","dateModified":"2020-06-15T17:19:11+00:00","description":"Gauc\u00edn es un municipio de Andaluc\u00eda. Est\u00e1 situado en el oeste de la provincia de M\u00e1laga, en el Valle del Genal","breadcrumb":{"@id":"https:\/\/grazalemaguide.com\/quehacerenlasierras\/gaucin\/#breadcrumb"},"inLanguage":"en-US","potentialAction":[{"@type":"ReadAction","target":["https:\/\/grazalemaguide.com\/quehacerenlasierras\/gaucin\/"]}]},{"@type":"ImageObject","inLanguage":"en-US","@id":"https:\/\/grazalemaguide.com\/quehacerenlasierras\/gaucin\/#primaryimage","url":"https:\/\/grazalemaguide.com\/quehacerenlasierras\/wp-content\/uploads\/sites\/2\/2020\/06\/Gauc\u00edn.jpg","contentUrl":"https:\/\/grazalemaguide.com\/quehacerenlasierras\/wp-content\/uploads\/sites\/2\/2020\/06\/Gauc\u00edn.jpg","width":1024,"height":682,"caption":"De JoseTomasTocino - Trabajo propio, CC BY-SA 4.0, https:\/\/commons.wikimedia.org\/w\/index.php?curid=34112274"},{"@type":"BreadcrumbList","@id":"https:\/\/grazalemaguide.com\/quehacerenlasierras\/gaucin\/#breadcrumb","itemListElement":[{"@type":"ListItem","position":1,"name":"Home","item":"https:\/\/grazalemaguide.com\/quehacerenlasierras\/"},{"@type":"ListItem","position":2,"name":"Gauc\u00edn"}]},{"@type":"WebSite","@id":"https:\/\/grazalemaguide.com\/quehacerenlasierras\/#website","url":"https:\/\/grazalemaguide.com\/quehacerenlasierras\/","name":"Calendario de eventos en las sierras, serran\u00edas y sus pueblos","description":"\u00bfQu\u00e9 hacer en las Sierras, Serran\u00edas y sus pueblos? Ferias, fiestas, recreaciones hist\u00f3ricas, rutas de tapas, teatro, rally, deportes, gu\u00edas y actividades","publisher":{"@id":"https:\/\/grazalemaguide.com\/quehacerenlasierras\/#\/schema\/person\/f24688c26be666f9001ed7cb3d7d2e3a"},"potentialAction":[{"@type":"SearchAction","target":{"@type":"EntryPoint","urlTemplate":"https:\/\/grazalemaguide.com\/quehacerenlasierras\/?s={search_term_string}"},"query-input":{"@type":"PropertyValueSpecification","valueRequired":true,"valueName":"search_term_string"}}],"inLanguage":"en-US"},{"@type":["Person","Organization"],"@id":"https:\/\/grazalemaguide.com\/quehacerenlasierras\/#\/schema\/person\/f24688c26be666f9001ed7cb3d7d2e3a","name":"Clive Muir","image":{"@type":"ImageObject","inLanguage":"en-US","@id":"https:\/\/secure.gravatar.com\/avatar\/0cd1ec277564b2e62b29d49d1c588efa39fbdeed25940f60cb667d96e5c29e1e?s=96&d=mm&r=g","url":"https:\/\/secure.gravatar.com\/avatar\/0cd1ec277564b2e62b29d49d1c588efa39fbdeed25940f60cb667d96e5c29e1e?s=96&d=mm&r=g","contentUrl":"https:\/\/secure.gravatar.com\/avatar\/0cd1ec277564b2e62b29d49d1c588efa39fbdeed25940f60cb667d96e5c29e1e?s=96&d=mm&r=g","caption":"Clive Muir"},"logo":{"@id":"https:\/\/secure.gravatar.com\/avatar\/0cd1ec277564b2e62b29d49d1c588efa39fbdeed25940f60cb667d96e5c29e1e?s=96&d=mm&r=g"},"description":"I\u2019ve been living in this lovely area of Western Andalucia for the last 20 years or so and dedicate most of my time to the running of English language tourist information websites for the towns of C\u00e1diz, Ronda, Grazalema, the famous or infamous Caminito del Rey, and also Wildside Holidays, which promotes sustainable and eco-friendly businesses running wildlife and walking holidays in Spain. My articles contain affiliate links that will help you reserve a hotel, bus, train or activity in the area. You don't pay more, but by using them you do support this website. Thankyou!","sameAs":["https:\/\/grazalemaguide.com\/","https:\/\/www.facebook.com\/wildsideholidays\/","https:\/\/www.linkedin.com\/in\/wildsideholidays\/","https:\/\/x.com\/https:\/\/twitter.com\/GrazalemaGuide","https:\/\/www.youtube.com\/channel\/UC6VDf8hywG6O6F1wgMtfMDw"]}]}},"_links":{"self":[{"href":"https:\/\/grazalemaguide.com\/quehacerenlasierras\/wp-json\/wp\/v2\/pages\/384","targetHints":{"allow":["GET"]}}],"collection":[{"href":"https:\/\/grazalemaguide.com\/quehacerenlasierras\/wp-json\/wp\/v2\/pages"}],"about":[{"href":"https:\/\/grazalemaguide.com\/quehacerenlasierras\/wp-json\/wp\/v2\/types\/page"}],"author":[{"embeddable":true,"href":"https:\/\/grazalemaguide.com\/quehacerenlasierras\/wp-json\/wp\/v2\/users\/1"}],"replies":[{"embeddable":true,"href":"https:\/\/grazalemaguide.com\/quehacerenlasierras\/wp-json\/wp\/v2\/comments?post=384"}],"version-history":[{"count":0,"href":"https:\/\/grazalemaguide.com\/quehacerenlasierras\/wp-json\/wp\/v2\/pages\/384\/revisions"}],"wp:featuredmedia":[{"embeddable":true,"href":"https:\/\/grazalemaguide.com\/quehacerenlasierras\/wp-json\/wp\/v2\/media\/386"}],"wp:attachment":[{"href":"https:\/\/grazalemaguide.com\/quehacerenlasierras\/wp-json\/wp\/v2\/media?parent=384"}],"curies":[{"name":"wp","href":"https:\/\/api.w.org\/{rel}","templated":true}]}}