{"id":480,"date":"2020-06-18T09:12:52","date_gmt":"2020-06-18T09:12:52","guid":{"rendered":"http:\/\/grazalemaguide.com\/quehacerenlasierras\/?page_id=480"},"modified":"2020-06-22T07:52:37","modified_gmt":"2020-06-22T07:52:37","slug":"serrato","status":"publish","type":"page","link":"https:\/\/grazalemaguide.com\/quehacerenlasierras\/serrato\/","title":{"rendered":"Serrato"},"content":{"rendered":"\n<div class=\"wp-block-image\"><figure class=\"alignleft size-large is-resized\"><img decoding=\"async\" src=\"https:\/\/grazalemaguide.com\/quehacerenlasierras\/wp-content\/uploads\/sites\/2\/2020\/06\/Escudo-Serrato.png\" alt=\"Escudo Serrato\" class=\"wp-image-482\" width=\"250\" srcset=\"https:\/\/grazalemaguide.com\/quehacerenlasierras\/wp-content\/uploads\/sites\/2\/2020\/06\/Escudo-Serrato.png 320w, https:\/\/grazalemaguide.com\/quehacerenlasierras\/wp-content\/uploads\/sites\/2\/2020\/06\/Escudo-Serrato-172x300.png 172w\" sizes=\"(max-width: 320px) 100vw, 320px\" \/><figcaption>De Erlenmeyer, CC BY-SA 3.0, https:\/\/commons.wikimedia.org\/w\/index.php?curid=17733737<\/figcaption><\/figure><\/div>\n\n\n\n<p>Serrato es un municipio situado en la parte meriodional de la comarca del Guadalteba, en la provincia de M\u00e1laga.<\/p>\n\n\n\n<p>Sus or\u00edgenes se sit\u00faan en la \u00e9poca neol\u00edtica, donde peque\u00f1as comunidades agr\u00edcolas se asentaron debido a la fertilidad de sus tierras, siendo sin embargo m\u00e1s importantes los periodos romano y \u00e1rabe, tal y como atestiguan los restos de la villa romana de Serrato y el castillo de Orteg\u00edcar.<\/p>\n\n\n\n<p>El 27 de agosto de 1994 tuvo lugar un refer\u00e9ndum en la por entonces pedan\u00eda ronde\u00f1a de Serrato, donde la gran mayor\u00eda de los vecinos mostraron su voluntad de ser aut\u00f3nomos. Se le concedi\u00f3 el r\u00e9gimen de entidad local aut\u00f3noma en mayo de 1999 y, al fin, en 2014 se convirti\u00f3 en un municipio completamente independiente de Ronda.<\/p>\n\n\n\n<p>La independencia se consigue el d\u00eda 2 de diciembre de 2014, fecha muy recordada por todos los serrate\u00f1os y serrate\u00f1as y que desde entonces es celebrada por un arroz gratis para el todo el pueblo. Es un d\u00eda de festividad y uni\u00f3n.<\/p>\n\n\n\n<p><a href=\"https:\/\/es.wikipedia.org\/wiki\/Serrato\" target=\"_blank\" rel=\"noreferrer noopener\">M\u00e1s informaci\u00f3n en Wikipedia<\/a><\/p>\n\n\n\n<figure class=\"wp-block-image size-large\"><img loading=\"lazy\" decoding=\"async\" width=\"766\" height=\"1024\" src=\"https:\/\/grazalemaguide.com\/quehacerenlasierras\/wp-content\/uploads\/sites\/2\/2020\/06\/Fuente-en-Serrato-766x1024.jpg\" alt=\"Fuente en Serrato\" class=\"wp-image-541\" srcset=\"https:\/\/grazalemaguide.com\/quehacerenlasierras\/wp-content\/uploads\/sites\/2\/2020\/06\/Fuente-en-Serrato-766x1024.jpg 766w, https:\/\/grazalemaguide.com\/quehacerenlasierras\/wp-content\/uploads\/sites\/2\/2020\/06\/Fuente-en-Serrato-224x300.jpg 224w, https:\/\/grazalemaguide.com\/quehacerenlasierras\/wp-content\/uploads\/sites\/2\/2020\/06\/Fuente-en-Serrato-768x1027.jpg 768w, https:\/\/grazalemaguide.com\/quehacerenlasierras\/wp-content\/uploads\/sites\/2\/2020\/06\/Fuente-en-Serrato.jpg 1024w\" sizes=\"auto, (max-width: 766px) 100vw, 766px\" \/><figcaption>Fuente en Serrato<\/figcaption><\/figure>\n\n\n\n<h4 class=\"wp-block-heading\">Fauna y flora<\/h4>\n\n\n\n<p>En cuanto a la fauna, encontramos animales pertenecientes al clima mediterr\u00e1neo. Mam\u00edferos como el jabal\u00ed, la cabra montes, el ciervo, el corzo, el zorro, el conejo y la liebre habitan por su entorno natural. Tambi\u00e9n se encuentran aves de gran variedad, como el \u00e1guila, el buitre, el halc\u00f3n, la codorniz y aves migratorias, como la garza o el pato salvaje.<\/p>\n\n\n\n<p>En cuanto a la flora, encontramos tanto bosque de ribera, como bosque de monte bajo y bosque de tipo mediterr\u00e1neo. Incluyendo zonas arbustivas y de agricultura.<\/p>\n\n\n\n<h4 class=\"wp-block-heading\">Ayuntamiento<\/h4>\n\n\n\n<p>Web: <a rel=\"noreferrer noopener\" href=\"http:\/\/www.serrato.es\/\" target=\"_blank\">http:\/\/www.serrato.es\/<\/a><br>Facebook: ????????<\/p>\n\n\n\n<figure class=\"wp-block-image size-large\"><img loading=\"lazy\" decoding=\"async\" width=\"766\" height=\"1024\" src=\"https:\/\/grazalemaguide.com\/quehacerenlasierras\/wp-content\/uploads\/sites\/2\/2020\/06\/Calle-en-Serrato-766x1024.jpg\" alt=\"Calle en Serrato\" class=\"wp-image-540\" srcset=\"https:\/\/grazalemaguide.com\/quehacerenlasierras\/wp-content\/uploads\/sites\/2\/2020\/06\/Calle-en-Serrato-766x1024.jpg 766w, https:\/\/grazalemaguide.com\/quehacerenlasierras\/wp-content\/uploads\/sites\/2\/2020\/06\/Calle-en-Serrato-224x300.jpg 224w, https:\/\/grazalemaguide.com\/quehacerenlasierras\/wp-content\/uploads\/sites\/2\/2020\/06\/Calle-en-Serrato-768x1027.jpg 768w, https:\/\/grazalemaguide.com\/quehacerenlasierras\/wp-content\/uploads\/sites\/2\/2020\/06\/Calle-en-Serrato.jpg 1024w\" sizes=\"auto, (max-width: 766px) 100vw, 766px\" \/><figcaption>Calle en Serrato<\/figcaption><\/figure>\n\n\n\n<hr class=\"wp-block-separator has-text-color has-background has-green-background-color has-green-color\"\/>\n\n\n\n<h4 class=\"wp-block-heading\">Alojamientos en Serrato y sus alrededores.<\/h4>\n\n\n<p>[booking_product_helper shortname=&#8221;serrato&#8221;]<\/p>\n\n\n\n<hr class=\"wp-block-separator has-text-color has-background has-green-background-color has-green-color\"\/>\n\n\n\n<h4 class=\"wp-block-heading\">Tapas y Bebidas en Bar Rafa<\/h4>\n\n\n\n<p>El menu digital de Bar Rafa en Serrato<br><a href=\"https:\/\/m.bakarta.com\/Bar-Rafa\">https:\/\/m.bakarta.com\/Bar-Rafa<\/a><\/p>\n\n\n\n<hr class=\"wp-block-separator has-text-color has-background has-green-background-color has-green-color\"\/>\n\n\n\n<h4 class=\"wp-block-heading\">Fiestas<\/h4>\n\n\n\n<p>En el transcurso del a\u00f1o hay dos fiestas populares y tradicionales, <strong>el d\u00eda de la Vieja<\/strong> (19 de marzo) y <strong>el d\u00eda de la Patrona de Serrato, Nuestra Se\u00f1ora d<\/strong>el Rosario (7 de octubre).<\/p>\n\n\n\n<p><strong>El d\u00eda de la Vieja <\/strong>es una romer\u00eda que celebra el pueblo en un lugar denominado Prado-Medina. Este d\u00eda debe su nombre al hecho a que los m\u00e1s peque\u00f1os confeccionan con ropas viejas, ca\u00f1as y recortes de papel unas mu\u00f1ecas a las cuales se les llama popularmente \u201cviejas\u201d. La simbolog\u00eda que tiene esta figura es la de aglutinar todos los males, que han transcurrido durante el a\u00f1o. Al final de esta romer\u00eda esta figura es quemada y apedreada, como remedio u olvido o un pasar p\u00e1gina de todos los momentos m\u00e1s tristes que se han pasado durante todo el a\u00f1o.<\/p>\n\n\n\n<p>Todos los a\u00f1os el d\u00eda 7 de Octubre es un d\u00eda grande para todos los serrate\u00f1os y serrate\u00f1as, es el d\u00eda de la patrona del pueblo: <strong>Ntra. Sra. del Rosario<\/strong>.<\/p>\n\n\n\n<p>Cabe resaltar de ese d\u00eda la misa rociera en su honor y la solemne procesi\u00f3n por todas las calles del pueblo.<\/p>\n\n\n\n<p>Es un d\u00eda de sentimientos, por un lado est\u00e1n todos aquellos serrate\u00f1os\/as que vienen exclusivamente para pasar estos d\u00edas compartiendo con sus familiares y amigos y por otro est\u00e1 el recuerdo de todos aquellos hijos\/as del pueblo que ya no est\u00e1n con nosotros.<\/p>\n\n\n\n<p>Todos estos sentimientos en el transcurrir de la jornada dan lugar a la alegr\u00eda, de todas nuestras gentes.<\/p>\n\n\n\n<hr class=\"wp-block-separator has-text-color has-background has-green-background-color has-green-color\"\/>\n\n\n\n<h6 class=\"wp-block-heading\">\u00bfQu\u00e9 hacer en las Sierras, Serran\u00edas y sus pueblos?<\/h6>\n\n\n\n<p>Ferias, fiestas, recreaciones hist\u00f3ricas, rutas de tapas, teatro, rally, deportes, gu\u00edas y actividades<\/p>\n\n\n\n<p><a href=\"https:\/\/grazalemaguide.com\/quehacerenlasierras\/\">Ver el Calendario de Eventos aqui.<\/a><\/p>\n","protected":false},"excerpt":{"rendered":"<p>Serrato es un municipio situado en la parte meriodional de la comarca del Guadalteba, en la provincia de M\u00e1laga. Sus or\u00edgenes se sit\u00faan en la \u00e9poca neol\u00edtica, donde peque\u00f1as comunidades agr\u00edcolas se asentaron debido a la fertilidad de sus tierras, siendo sin embargo m\u00e1s importantes los periodos romano y \u00e1rabe, tal y como atestiguan los &hellip; <a href=\"https:\/\/grazalemaguide.com\/quehacerenlasierras\/serrato\/\" class=\"more-link\">Continue reading <span class=\"screen-reader-text\">Serrato<\/span> <span class=\"meta-nav\">&rarr;<\/span><\/a><\/p>\n","protected":false},"author":1,"featured_media":537,"parent":0,"menu_order":0,"comment_status":"open","ping_status":"closed","template":"","meta":{"footnotes":""},"class_list":["post-480","page","type-page","status-publish","has-post-thumbnail","hentry"],"yoast_head":"<!-- This site is optimized with the Yoast SEO plugin v27.4 - https:\/\/yoast.com\/product\/yoast-seo-wordpress\/ -->\n<title>Serrato - Calendario de eventos en las sierras, serran\u00edas y sus pueblos<\/title>\n<meta name=\"description\" content=\"Serrato es un municipio situado en la parte meriodional de la comarca del Guadalteba, en la provincia de M\u00e1laga.\" \/>\n<meta name=\"robots\" content=\"index, follow, max-snippet:-1, max-image-preview:large, max-video-preview:-1\" \/>\n<link rel=\"canonical\" href=\"https:\/\/grazalemaguide.com\/quehacerenlasierras\/serrato\/\" \/>\n<meta property=\"og:locale\" content=\"en_US\" \/>\n<meta property=\"og:type\" content=\"article\" \/>\n<meta property=\"og:title\" content=\"Serrato - Calendario de eventos en las sierras, serran\u00edas y sus pueblos\" \/>\n<meta property=\"og:description\" content=\"Serrato es un municipio situado en la parte meriodional de la comarca del Guadalteba, en la provincia de M\u00e1laga.\" \/>\n<meta property=\"og:url\" content=\"https:\/\/grazalemaguide.com\/quehacerenlasierras\/serrato\/\" \/>\n<meta property=\"og:site_name\" content=\"Calendario de eventos en las sierras, serran\u00edas y sus pueblos\" \/>\n<meta property=\"article:publisher\" content=\"https:\/\/www.facebook.com\/wildsideholidays\/\" \/>\n<meta property=\"article:modified_time\" content=\"2020-06-22T07:52:37+00:00\" \/>\n<meta property=\"og:image\" content=\"https:\/\/grazalemaguide.com\/quehacerenlasierras\/wp-content\/uploads\/sites\/2\/2020\/06\/Serrato-pueblo.jpg\" \/>\n\t<meta property=\"og:image:width\" content=\"1024\" \/>\n\t<meta property=\"og:image:height\" content=\"766\" \/>\n\t<meta property=\"og:image:type\" content=\"image\/jpeg\" \/>\n<meta name=\"twitter:card\" content=\"summary_large_image\" \/>\n<meta name=\"twitter:site\" content=\"@GrazalemaGuide\" \/>\n<meta name=\"twitter:label1\" content=\"Est. reading time\" \/>\n\t<meta name=\"twitter:data1\" content=\"3 minutes\" \/>\n<script type=\"application\/ld+json\" class=\"yoast-schema-graph\">{\"@context\":\"https:\\\/\\\/schema.org\",\"@graph\":[{\"@type\":\"WebPage\",\"@id\":\"https:\\\/\\\/grazalemaguide.com\\\/quehacerenlasierras\\\/serrato\\\/\",\"url\":\"https:\\\/\\\/grazalemaguide.com\\\/quehacerenlasierras\\\/serrato\\\/\",\"name\":\"Serrato - Calendario de eventos en las sierras, serran\u00edas y sus pueblos\",\"isPartOf\":{\"@id\":\"https:\\\/\\\/grazalemaguide.com\\\/quehacerenlasierras\\\/#website\"},\"primaryImageOfPage\":{\"@id\":\"https:\\\/\\\/grazalemaguide.com\\\/quehacerenlasierras\\\/serrato\\\/#primaryimage\"},\"image\":{\"@id\":\"https:\\\/\\\/grazalemaguide.com\\\/quehacerenlasierras\\\/serrato\\\/#primaryimage\"},\"thumbnailUrl\":\"https:\\\/\\\/grazalemaguide.com\\\/quehacerenlasierras\\\/wp-content\\\/uploads\\\/sites\\\/2\\\/2020\\\/06\\\/Serrato-pueblo.jpg\",\"datePublished\":\"2020-06-18T09:12:52+00:00\",\"dateModified\":\"2020-06-22T07:52:37+00:00\",\"description\":\"Serrato es un municipio situado en la parte meriodional de la comarca del Guadalteba, en la provincia de M\u00e1laga.\",\"breadcrumb\":{\"@id\":\"https:\\\/\\\/grazalemaguide.com\\\/quehacerenlasierras\\\/serrato\\\/#breadcrumb\"},\"inLanguage\":\"en-US\",\"potentialAction\":[{\"@type\":\"ReadAction\",\"target\":[\"https:\\\/\\\/grazalemaguide.com\\\/quehacerenlasierras\\\/serrato\\\/\"]}]},{\"@type\":\"ImageObject\",\"inLanguage\":\"en-US\",\"@id\":\"https:\\\/\\\/grazalemaguide.com\\\/quehacerenlasierras\\\/serrato\\\/#primaryimage\",\"url\":\"https:\\\/\\\/grazalemaguide.com\\\/quehacerenlasierras\\\/wp-content\\\/uploads\\\/sites\\\/2\\\/2020\\\/06\\\/Serrato-pueblo.jpg\",\"contentUrl\":\"https:\\\/\\\/grazalemaguide.com\\\/quehacerenlasierras\\\/wp-content\\\/uploads\\\/sites\\\/2\\\/2020\\\/06\\\/Serrato-pueblo.jpg\",\"width\":1024,\"height\":766,\"caption\":\"Serrato pueblo\"},{\"@type\":\"BreadcrumbList\",\"@id\":\"https:\\\/\\\/grazalemaguide.com\\\/quehacerenlasierras\\\/serrato\\\/#breadcrumb\",\"itemListElement\":[{\"@type\":\"ListItem\",\"position\":1,\"name\":\"Home\",\"item\":\"https:\\\/\\\/grazalemaguide.com\\\/quehacerenlasierras\\\/\"},{\"@type\":\"ListItem\",\"position\":2,\"name\":\"Serrato\"}]},{\"@type\":\"WebSite\",\"@id\":\"https:\\\/\\\/grazalemaguide.com\\\/quehacerenlasierras\\\/#website\",\"url\":\"https:\\\/\\\/grazalemaguide.com\\\/quehacerenlasierras\\\/\",\"name\":\"Calendario de eventos en las sierras, serran\u00edas y sus pueblos\",\"description\":\"\u00bfQu\u00e9 hacer en las Sierras, Serran\u00edas y sus pueblos? Ferias, fiestas, recreaciones hist\u00f3ricas, rutas de tapas, teatro, rally, deportes, gu\u00edas y actividades\",\"publisher\":{\"@id\":\"https:\\\/\\\/grazalemaguide.com\\\/quehacerenlasierras\\\/#\\\/schema\\\/person\\\/f24688c26be666f9001ed7cb3d7d2e3a\"},\"potentialAction\":[{\"@type\":\"SearchAction\",\"target\":{\"@type\":\"EntryPoint\",\"urlTemplate\":\"https:\\\/\\\/grazalemaguide.com\\\/quehacerenlasierras\\\/?s={search_term_string}\"},\"query-input\":{\"@type\":\"PropertyValueSpecification\",\"valueRequired\":true,\"valueName\":\"search_term_string\"}}],\"inLanguage\":\"en-US\"},{\"@type\":[\"Person\",\"Organization\"],\"@id\":\"https:\\\/\\\/grazalemaguide.com\\\/quehacerenlasierras\\\/#\\\/schema\\\/person\\\/f24688c26be666f9001ed7cb3d7d2e3a\",\"name\":\"Clive Muir\",\"image\":{\"@type\":\"ImageObject\",\"inLanguage\":\"en-US\",\"@id\":\"https:\\\/\\\/secure.gravatar.com\\\/avatar\\\/0cd1ec277564b2e62b29d49d1c588efa39fbdeed25940f60cb667d96e5c29e1e?s=96&d=mm&r=g\",\"url\":\"https:\\\/\\\/secure.gravatar.com\\\/avatar\\\/0cd1ec277564b2e62b29d49d1c588efa39fbdeed25940f60cb667d96e5c29e1e?s=96&d=mm&r=g\",\"contentUrl\":\"https:\\\/\\\/secure.gravatar.com\\\/avatar\\\/0cd1ec277564b2e62b29d49d1c588efa39fbdeed25940f60cb667d96e5c29e1e?s=96&d=mm&r=g\",\"caption\":\"Clive Muir\"},\"logo\":{\"@id\":\"https:\\\/\\\/secure.gravatar.com\\\/avatar\\\/0cd1ec277564b2e62b29d49d1c588efa39fbdeed25940f60cb667d96e5c29e1e?s=96&d=mm&r=g\"},\"description\":\"I\u2019ve been living in this lovely area of Western Andalucia for the last 20 years or so and dedicate most of my time to the running of English language tourist information websites for the towns of C\u00e1diz, Ronda, Grazalema, the famous or infamous Caminito del Rey, and also Wildside Holidays, which promotes sustainable and eco-friendly businesses running wildlife and walking holidays in Spain. My articles contain affiliate links that will help you reserve a hotel, bus, train or activity in the area. You don't pay more, but by using them you do support this website. Thankyou!\",\"sameAs\":[\"https:\\\/\\\/grazalemaguide.com\\\/\",\"https:\\\/\\\/www.facebook.com\\\/wildsideholidays\\\/\",\"https:\\\/\\\/www.linkedin.com\\\/in\\\/wildsideholidays\\\/\",\"https:\\\/\\\/x.com\\\/https:\\\/\\\/twitter.com\\\/GrazalemaGuide\",\"https:\\\/\\\/www.youtube.com\\\/channel\\\/UC6VDf8hywG6O6F1wgMtfMDw\"]}]}<\/script>\n<!-- \/ Yoast SEO plugin. -->","yoast_head_json":{"title":"Serrato - Calendario de eventos en las sierras, serran\u00edas y sus pueblos","description":"Serrato es un municipio situado en la parte meriodional de la comarca del Guadalteba, en la provincia de M\u00e1laga.","robots":{"index":"index","follow":"follow","max-snippet":"max-snippet:-1","max-image-preview":"max-image-preview:large","max-video-preview":"max-video-preview:-1"},"canonical":"https:\/\/grazalemaguide.com\/quehacerenlasierras\/serrato\/","og_locale":"en_US","og_type":"article","og_title":"Serrato - Calendario de eventos en las sierras, serran\u00edas y sus pueblos","og_description":"Serrato es un municipio situado en la parte meriodional de la comarca del Guadalteba, en la provincia de M\u00e1laga.","og_url":"https:\/\/grazalemaguide.com\/quehacerenlasierras\/serrato\/","og_site_name":"Calendario de eventos en las sierras, serran\u00edas y sus pueblos","article_publisher":"https:\/\/www.facebook.com\/wildsideholidays\/","article_modified_time":"2020-06-22T07:52:37+00:00","og_image":[{"width":1024,"height":766,"url":"https:\/\/grazalemaguide.com\/quehacerenlasierras\/wp-content\/uploads\/sites\/2\/2020\/06\/Serrato-pueblo.jpg","type":"image\/jpeg"}],"twitter_card":"summary_large_image","twitter_site":"@GrazalemaGuide","twitter_misc":{"Est. reading time":"3 minutes"},"schema":{"@context":"https:\/\/schema.org","@graph":[{"@type":"WebPage","@id":"https:\/\/grazalemaguide.com\/quehacerenlasierras\/serrato\/","url":"https:\/\/grazalemaguide.com\/quehacerenlasierras\/serrato\/","name":"Serrato - Calendario de eventos en las sierras, serran\u00edas y sus pueblos","isPartOf":{"@id":"https:\/\/grazalemaguide.com\/quehacerenlasierras\/#website"},"primaryImageOfPage":{"@id":"https:\/\/grazalemaguide.com\/quehacerenlasierras\/serrato\/#primaryimage"},"image":{"@id":"https:\/\/grazalemaguide.com\/quehacerenlasierras\/serrato\/#primaryimage"},"thumbnailUrl":"https:\/\/grazalemaguide.com\/quehacerenlasierras\/wp-content\/uploads\/sites\/2\/2020\/06\/Serrato-pueblo.jpg","datePublished":"2020-06-18T09:12:52+00:00","dateModified":"2020-06-22T07:52:37+00:00","description":"Serrato es un municipio situado en la parte meriodional de la comarca del Guadalteba, en la provincia de M\u00e1laga.","breadcrumb":{"@id":"https:\/\/grazalemaguide.com\/quehacerenlasierras\/serrato\/#breadcrumb"},"inLanguage":"en-US","potentialAction":[{"@type":"ReadAction","target":["https:\/\/grazalemaguide.com\/quehacerenlasierras\/serrato\/"]}]},{"@type":"ImageObject","inLanguage":"en-US","@id":"https:\/\/grazalemaguide.com\/quehacerenlasierras\/serrato\/#primaryimage","url":"https:\/\/grazalemaguide.com\/quehacerenlasierras\/wp-content\/uploads\/sites\/2\/2020\/06\/Serrato-pueblo.jpg","contentUrl":"https:\/\/grazalemaguide.com\/quehacerenlasierras\/wp-content\/uploads\/sites\/2\/2020\/06\/Serrato-pueblo.jpg","width":1024,"height":766,"caption":"Serrato pueblo"},{"@type":"BreadcrumbList","@id":"https:\/\/grazalemaguide.com\/quehacerenlasierras\/serrato\/#breadcrumb","itemListElement":[{"@type":"ListItem","position":1,"name":"Home","item":"https:\/\/grazalemaguide.com\/quehacerenlasierras\/"},{"@type":"ListItem","position":2,"name":"Serrato"}]},{"@type":"WebSite","@id":"https:\/\/grazalemaguide.com\/quehacerenlasierras\/#website","url":"https:\/\/grazalemaguide.com\/quehacerenlasierras\/","name":"Calendario de eventos en las sierras, serran\u00edas y sus pueblos","description":"\u00bfQu\u00e9 hacer en las Sierras, Serran\u00edas y sus pueblos? Ferias, fiestas, recreaciones hist\u00f3ricas, rutas de tapas, teatro, rally, deportes, gu\u00edas y actividades","publisher":{"@id":"https:\/\/grazalemaguide.com\/quehacerenlasierras\/#\/schema\/person\/f24688c26be666f9001ed7cb3d7d2e3a"},"potentialAction":[{"@type":"SearchAction","target":{"@type":"EntryPoint","urlTemplate":"https:\/\/grazalemaguide.com\/quehacerenlasierras\/?s={search_term_string}"},"query-input":{"@type":"PropertyValueSpecification","valueRequired":true,"valueName":"search_term_string"}}],"inLanguage":"en-US"},{"@type":["Person","Organization"],"@id":"https:\/\/grazalemaguide.com\/quehacerenlasierras\/#\/schema\/person\/f24688c26be666f9001ed7cb3d7d2e3a","name":"Clive Muir","image":{"@type":"ImageObject","inLanguage":"en-US","@id":"https:\/\/secure.gravatar.com\/avatar\/0cd1ec277564b2e62b29d49d1c588efa39fbdeed25940f60cb667d96e5c29e1e?s=96&d=mm&r=g","url":"https:\/\/secure.gravatar.com\/avatar\/0cd1ec277564b2e62b29d49d1c588efa39fbdeed25940f60cb667d96e5c29e1e?s=96&d=mm&r=g","contentUrl":"https:\/\/secure.gravatar.com\/avatar\/0cd1ec277564b2e62b29d49d1c588efa39fbdeed25940f60cb667d96e5c29e1e?s=96&d=mm&r=g","caption":"Clive Muir"},"logo":{"@id":"https:\/\/secure.gravatar.com\/avatar\/0cd1ec277564b2e62b29d49d1c588efa39fbdeed25940f60cb667d96e5c29e1e?s=96&d=mm&r=g"},"description":"I\u2019ve been living in this lovely area of Western Andalucia for the last 20 years or so and dedicate most of my time to the running of English language tourist information websites for the towns of C\u00e1diz, Ronda, Grazalema, the famous or infamous Caminito del Rey, and also Wildside Holidays, which promotes sustainable and eco-friendly businesses running wildlife and walking holidays in Spain. My articles contain affiliate links that will help you reserve a hotel, bus, train or activity in the area. You don't pay more, but by using them you do support this website. Thankyou!","sameAs":["https:\/\/grazalemaguide.com\/","https:\/\/www.facebook.com\/wildsideholidays\/","https:\/\/www.linkedin.com\/in\/wildsideholidays\/","https:\/\/x.com\/https:\/\/twitter.com\/GrazalemaGuide","https:\/\/www.youtube.com\/channel\/UC6VDf8hywG6O6F1wgMtfMDw"]}]}},"_links":{"self":[{"href":"https:\/\/grazalemaguide.com\/quehacerenlasierras\/wp-json\/wp\/v2\/pages\/480","targetHints":{"allow":["GET"]}}],"collection":[{"href":"https:\/\/grazalemaguide.com\/quehacerenlasierras\/wp-json\/wp\/v2\/pages"}],"about":[{"href":"https:\/\/grazalemaguide.com\/quehacerenlasierras\/wp-json\/wp\/v2\/types\/page"}],"author":[{"embeddable":true,"href":"https:\/\/grazalemaguide.com\/quehacerenlasierras\/wp-json\/wp\/v2\/users\/1"}],"replies":[{"embeddable":true,"href":"https:\/\/grazalemaguide.com\/quehacerenlasierras\/wp-json\/wp\/v2\/comments?post=480"}],"version-history":[{"count":0,"href":"https:\/\/grazalemaguide.com\/quehacerenlasierras\/wp-json\/wp\/v2\/pages\/480\/revisions"}],"wp:featuredmedia":[{"embeddable":true,"href":"https:\/\/grazalemaguide.com\/quehacerenlasierras\/wp-json\/wp\/v2\/media\/537"}],"wp:attachment":[{"href":"https:\/\/grazalemaguide.com\/quehacerenlasierras\/wp-json\/wp\/v2\/media?parent=480"}],"curies":[{"name":"wp","href":"https:\/\/api.w.org\/{rel}","templated":true}]}}