{"id":575,"date":"2020-06-24T08:42:10","date_gmt":"2020-06-24T08:42:10","guid":{"rendered":"http:\/\/grazalemaguide.com\/quehacerenlasierras\/?page_id=575"},"modified":"2020-07-04T10:14:59","modified_gmt":"2020-07-04T10:14:59","slug":"bornos","status":"publish","type":"page","link":"https:\/\/grazalemaguide.com\/quehacerenlasierras\/bornos\/","title":{"rendered":"Bornos"},"content":{"rendered":"\n<p>(Foto arriba: Concurso fotograf\u00eda Bornos &#8211; Primer premio @davidclares de instagram)<\/p>\n\n\n\n<div class=\"wp-block-image\"><figure class=\"alignleft size-large is-resized\"><img decoding=\"async\" src=\"https:\/\/grazalemaguide.com\/quehacerenlasierras\/wp-content\/uploads\/sites\/2\/2020\/06\/Escudo-Bornos.png\" alt=\"Escudo Bornos\" class=\"wp-image-577\" width=\"250\" srcset=\"https:\/\/grazalemaguide.com\/quehacerenlasierras\/wp-content\/uploads\/sites\/2\/2020\/06\/Escudo-Bornos.png 800w, https:\/\/grazalemaguide.com\/quehacerenlasierras\/wp-content\/uploads\/sites\/2\/2020\/06\/Escudo-Bornos-236x300.png 236w, https:\/\/grazalemaguide.com\/quehacerenlasierras\/wp-content\/uploads\/sites\/2\/2020\/06\/Escudo-Bornos-768x976.png 768w\" sizes=\"(max-width: 800px) 100vw, 800px\" \/><figcaption>\n\n\n\nDe SanchoPanzaXXI(Taller de Her\u00e1ldica y Vexilolog\u00eda in the Spanish Wikipedia ) &#8211; Trabajo propio, CC BY-SA 4.0, https:\/\/commons.wikimedia.org\/w\/index.php?curid=3332012<\/figcaption><\/figure><\/div>\n\n\n\n<p>Bornos es un municipio de la provincia de C\u00e1diz. Se encuentra situada en la falda oriental de la sierra del Calvario y al pie de la de Bornos, siendo la altura del pueblo de 182 metros. Estas estribaciones protegen al municipio de los vientos del norte. <\/p>\n\n\n\n<p>El municipio se encuentra a 79 kil\u00f3metros de la capital de provincia, C\u00e1diz.<\/p>\n\n\n\n<p>El casco hist\u00f3rico de Bornos gira en torno a la torre fortificada de Fontanar, construida por los \u00e1rabes con fines militares pero reformada y ampliada en \u00e9poca renacentista para su uso residencial por los duques de Alcal\u00e1 de los Gazules, quienes tambi\u00e9n encargaron al arquitecto napolitano Benvenuto Tortelo el dise\u00f1o de un jard\u00edn italiano.<\/p>\n\n\n\n<p>Durante el siglo XVII y principios del XVIII las principales familias, atra\u00eddas por el refinamiento de este conjunto, sit\u00faan en las proximidades del castillo sus casas se\u00f1oriales. Entre ellas destacan las de los Ord\u00f3\u00f1ez y del Pintado.<\/p>\n\n\n\n<p>Otros edificios singulares son el Monasterio de los Jer\u00f3nimos, la Ermita de la Resurrecci\u00f3n, el Colegio de la Sangre y el Convento del Corpus Christi, todos ellos del siglo XVI. El Monasterio de los Franciscanos y la Ermita del Calvario (siglo XVIII). El Ayuntamiento, de estilo neocl\u00e1sico y construido en 1830.<\/p>\n\n\n\n<p>Destaca en general su buen estado de conservaci\u00f3n facilitado por las actuaciones urban\u00edsticas realizadas.<\/p>\n\n\n\n<p><a href=\"https:\/\/es.wikipedia.org\/wiki\/Bornos\" target=\"_blank\" aria-label=\"undefined (abre en una nueva pesta\u00f1a)\" rel=\"noreferrer noopener\" class=\"yoast-seo-link\">M\u00e1s informaci\u00f3n en Wikipedia<\/a><\/p>\n\n\n\n<h4 class=\"wp-block-heading\">Ayuntamiento<\/h4>\n\n\n\n<p>Web: <a href=\"https:\/\/www.bornos.es\/\" target=\"_blank\" aria-label=\"undefined (abre en una nueva pesta\u00f1a)\" rel=\"noreferrer noopener\" class=\"yoast-seo-link\">https:\/\/www.bornos.es\/<\/a><br>Web Turismo: <a href=\"https:\/\/www.turismodebornos.com\/\" target=\"_blank\" aria-label=\"undefined (abre en una nueva pesta\u00f1a)\" rel=\"noreferrer noopener\" class=\"yoast-seo-link\">https:\/\/www.turismodebornos.com\/<\/a><br>Facebook: <a href=\"https:\/\/www.facebook.com\/ayuntamiento.debornos\/\" target=\"_blank\" aria-label=\"undefined (abre en una nueva pesta\u00f1a)\" rel=\"noreferrer noopener\" class=\"yoast-seo-link\">https:\/\/www.facebook.com\/ayuntamiento.debornos\/<\/a><\/p>\n\n\n\n<hr class=\"wp-block-separator has-text-color has-background has-green-background-color has-green-color\"\/>\n\n\n\n<h4 class=\"wp-block-heading\">Alojamientos en Bornos<\/h4>\n\n\n\n<p><a href=\"https:\/\/grazalemaguide.com\/quehacerenlasierras\/bornos-activo-camping-en-bornos\/\">Bornos Activo (Camping en Bornos) \u2013 Centro de Actividades Turisticas y Deportivas<\/a>. Es un centro de actividades turisticas y deportivas situado a las inmediaciones del lago de Bornos, paraje natural en la provincia de Cadiz. <a href=\"https:\/\/grazalemaguide.com\/quehacerenlasierras\/bornos-activo-camping-en-bornos\/\">Clic aqui.<\/a><\/p>\n\n\n\n<hr class=\"wp-block-separator has-text-color has-background has-green-background-color has-green-color\"\/>\n\n\n<p>[booking_product_helper shortname=&#8221;bornos&#8221;]<\/p>\n\n\n\n<hr class=\"wp-block-separator has-text-color has-background has-green-background-color has-green-color\"\/>\n\n\n\n<h4 class=\"wp-block-heading\">Paraje natural Cola del Embalse de Bornos<\/h4>\n\n\n\n<p>Localizado entre los municipios de Arcos de la Frontera, Villamart\u00edn y Bornos, del cual recibe su nombre, el embalse se establece sobre las aguas del R\u00edo Guadalete. Este lugar declarado paraje natural es un humedal de gran valor ecol\u00f3gico. Entre sus diversos atractivos destaca la presencia de abundantes aves, entres las que se encuentran especies protegidas. Por otro lado, los frondosos tarajales que existen en sus orillas proporcionan un magn\u00edfico enclave para la nidificaci\u00f3n y\/o el refugio de importantes colonias de ardeidas, de entre las que destacan algunas tan singulares como la esp\u00e1tula, la garcilla cangrejera o el martinete con su belleza inquietante. M\u00e1s alejadas de la orilla, cobran protagonismo las suaves laderas salpicadas de lentiscos y acebuches. Aunque es de inter\u00e9s especial para los amantes observadores de las aves, la visita a este lugar no dejar\u00e1 indiferente a ning\u00fan visitante.<\/p>\n\n\n\n<p>La \u00e9poca invernal y las horas de comienzo y final del d\u00eda son las ideales para contemplar el espect\u00e1culo visual lleno de vida que ofrece este lugar.<\/p>\n\n\n\n<h4 class=\"wp-block-heading\">Fiestas<\/h4>\n\n\n\n<h6 class=\"wp-block-heading\">Carnaval<\/h6>\n\n\n\n<p>40 d\u00edas antes de Semana Santa, tiene lugar el carnaval de Bornos. Fiesta que se celebra desde antiqu\u00edsimo y que bebe de las fuentes del carnaval de C\u00e1diz. Una fiesta tan arraigada, que ni siquiera en los tiempos de la dictadura franquista se apag\u00f3 completamente.<\/p>\n\n\n\n<p>Las m\u00e1scaras, personas disfrazas grotescamente, toman las calles y las distintas agrupaciones toman las calles. Las letras del carnaval de Bornos se cuentan por miles y la gente espera ansiosa su llegada una semana antes de carnaval, en la ya t\u00edpica &#8220;morcill\u00e1 popular&#8221; y la presentaci\u00f3n de las mismas.<\/p>\n\n\n\n<p>Tras la &#8220;choriz\u00e1&#8221; en Coto de Bornos y la &#8220;morcill\u00e1&#8221; en Bornos\u200b, el \u00faltimo domingo tiene lugar la cabalgata, una explosi\u00f3n de color, c\u00e1nticos y alegr\u00eda, que despiden el carnaval hasta el a\u00f1o siguiente.<\/p>\n\n\n\n<p>El Carnaval de Bornos, adem\u00e1s, ha sido declarado de Inter\u00e9s Tur\u00edstico de Andaluc\u00eda. As\u00ed lo recoge el Bolet\u00edn Oficial de la Junta de Andaluc\u00eda del 16 de septiembre de 2008.<\/p>\n\n\n\n<h6 class=\"wp-block-heading\">Ferias de Bornos y Coto de Bornos<\/h6>\n\n\n\n<p>Se celebra la \u00faltima semana de agosto y la feria de Bornos acontece la segunda o tercera semana de septiembre. Ambos eventos cuentan con casetas tradicionales, atracciones y numerosos visitantes de toda la provincia. Entre las actividades m\u00e1s reconocidas destacan los espect\u00e1culos ecuestres, la feria de ganado, las actuaciones musicales y el cierre con el castillo de fuegos artificiales.<\/p>\n\n\n\n<h6 class=\"wp-block-heading\">Fiestas patronales de San Laureano<\/h6>\n\n\n\n<p>Se celebran el primer fin de semana de julio en honor de san Laureano Arzobispo de Sevilla, para conmemorar el 4 de julio de 1649 en que la ciudad se libr\u00f3 de una epidemia gracias a la intervenci\u00f3n de este santo.<\/p>\n\n\n\n<h6 class=\"wp-block-heading\">Festival del Lago &#8211; Pantano de Bornos<\/h6>\n\n\n\n<p>Una de las citas hist\u00f3ricas del rock en Andaluc\u00eda. La primera edici\u00f3n fue en 1980 y desde entonces han participado la mayor\u00eda de las grandes bandas de rock de la comunidad como Alameda, Cai, Im\u00e1n Califato Independiente, Guadalquivir, Mezquita, Storm; nacionales como Asfalto, Obus, Topo, Bloque y bandas internacionales como Gwendal, Focus, Premiata Forneria Marconi o James Taylor Quartet. Se celebra normalmente en el mes de julio.<\/p>\n\n\n\n<h6 class=\"wp-block-heading\">Feria del Caracol<\/h6>\n\n\n\n<p>Se celebra en mayo, en \u00e9poca de degustar caracoles.\u200b<\/p>\n\n\n\n<h6 class=\"wp-block-heading\">Quema de los Judas<\/h6>\n\n\n\n<p>Se celebra el Domingo de Resurrecci\u00f3n en Coto de Bornos.<\/p>\n\n\n\n<hr class=\"wp-block-separator has-text-color has-background has-green-background-color has-green-color\"\/>\n\n\n\n<h6 class=\"wp-block-heading\">\u00bfQu\u00e9 hacer en las Sierras, Serran\u00edas y sus pueblos?<\/h6>\n\n\n\n<p>Ferias, fiestas, recreaciones hist\u00f3ricas, rutas de tapas, teatro, rally, deportes, gu\u00edas y actividades<\/p>\n\n\n\n<p><a href=\"https:\/\/grazalemaguide.com\/quehacerenlasierras\/\">Ver el Calendario de Eventos aqui.<\/a><\/p>\n","protected":false},"excerpt":{"rendered":"<p>(Foto arriba: Concurso fotograf\u00eda Bornos &#8211; Primer premio @davidclares de instagram) Bornos es un municipio de la provincia de C\u00e1diz. Se encuentra situada en la falda oriental de la sierra del Calvario y al pie de la de Bornos, siendo la altura del pueblo de 182 metros. Estas estribaciones protegen al municipio de los vientos &hellip; <a href=\"https:\/\/grazalemaguide.com\/quehacerenlasierras\/bornos\/\" class=\"more-link\">Continue reading <span class=\"screen-reader-text\">Bornos<\/span> <span class=\"meta-nav\">&rarr;<\/span><\/a><\/p>\n","protected":false},"author":1,"featured_media":576,"parent":0,"menu_order":0,"comment_status":"open","ping_status":"closed","template":"","meta":{"footnotes":""},"class_list":["post-575","page","type-page","status-publish","has-post-thumbnail","hentry"],"yoast_head":"<!-- This site is optimized with the Yoast SEO plugin v27.4 - https:\/\/yoast.com\/product\/yoast-seo-wordpress\/ -->\n<title>Bornos - Calendario de eventos en las sierras, serran\u00edas y sus pueblos<\/title>\n<meta name=\"description\" content=\"Bornos es un municipio de la provincia de C\u00e1diz. Se encuentra situada en la falda oriental de la sierra del Calvario y al pie de la de Bornos\" \/>\n<meta name=\"robots\" content=\"index, follow, max-snippet:-1, max-image-preview:large, max-video-preview:-1\" \/>\n<link rel=\"canonical\" href=\"https:\/\/grazalemaguide.com\/quehacerenlasierras\/bornos\/\" \/>\n<meta property=\"og:locale\" content=\"en_US\" \/>\n<meta property=\"og:type\" content=\"article\" \/>\n<meta property=\"og:title\" content=\"Bornos - Calendario de eventos en las sierras, serran\u00edas y sus pueblos\" \/>\n<meta property=\"og:description\" content=\"Bornos es un municipio de la provincia de C\u00e1diz. Se encuentra situada en la falda oriental de la sierra del Calvario y al pie de la de Bornos\" \/>\n<meta property=\"og:url\" content=\"https:\/\/grazalemaguide.com\/quehacerenlasierras\/bornos\/\" \/>\n<meta property=\"og:site_name\" content=\"Calendario de eventos en las sierras, serran\u00edas y sus pueblos\" \/>\n<meta property=\"article:publisher\" content=\"https:\/\/www.facebook.com\/wildsideholidays\/\" \/>\n<meta property=\"article:modified_time\" content=\"2020-07-04T10:14:59+00:00\" \/>\n<meta property=\"og:image\" content=\"https:\/\/grazalemaguide.com\/quehacerenlasierras\/wp-content\/uploads\/sites\/2\/2020\/06\/Bornos.jpg\" \/>\n\t<meta property=\"og:image:width\" content=\"1024\" \/>\n\t<meta property=\"og:image:height\" content=\"682\" \/>\n\t<meta property=\"og:image:type\" content=\"image\/jpeg\" \/>\n<meta name=\"twitter:card\" content=\"summary_large_image\" \/>\n<meta name=\"twitter:site\" content=\"@GrazalemaGuide\" \/>\n<meta name=\"twitter:label1\" content=\"Est. reading time\" \/>\n\t<meta name=\"twitter:data1\" content=\"5 minutes\" \/>\n<script type=\"application\/ld+json\" class=\"yoast-schema-graph\">{\"@context\":\"https:\\\/\\\/schema.org\",\"@graph\":[{\"@type\":\"WebPage\",\"@id\":\"https:\\\/\\\/grazalemaguide.com\\\/quehacerenlasierras\\\/bornos\\\/\",\"url\":\"https:\\\/\\\/grazalemaguide.com\\\/quehacerenlasierras\\\/bornos\\\/\",\"name\":\"Bornos - Calendario de eventos en las sierras, serran\u00edas y sus pueblos\",\"isPartOf\":{\"@id\":\"https:\\\/\\\/grazalemaguide.com\\\/quehacerenlasierras\\\/#website\"},\"primaryImageOfPage\":{\"@id\":\"https:\\\/\\\/grazalemaguide.com\\\/quehacerenlasierras\\\/bornos\\\/#primaryimage\"},\"image\":{\"@id\":\"https:\\\/\\\/grazalemaguide.com\\\/quehacerenlasierras\\\/bornos\\\/#primaryimage\"},\"thumbnailUrl\":\"https:\\\/\\\/grazalemaguide.com\\\/quehacerenlasierras\\\/wp-content\\\/uploads\\\/sites\\\/2\\\/2020\\\/06\\\/Bornos.jpg\",\"datePublished\":\"2020-06-24T08:42:10+00:00\",\"dateModified\":\"2020-07-04T10:14:59+00:00\",\"description\":\"Bornos es un municipio de la provincia de C\u00e1diz. Se encuentra situada en la falda oriental de la sierra del Calvario y al pie de la de Bornos\",\"breadcrumb\":{\"@id\":\"https:\\\/\\\/grazalemaguide.com\\\/quehacerenlasierras\\\/bornos\\\/#breadcrumb\"},\"inLanguage\":\"en-US\",\"potentialAction\":[{\"@type\":\"ReadAction\",\"target\":[\"https:\\\/\\\/grazalemaguide.com\\\/quehacerenlasierras\\\/bornos\\\/\"]}]},{\"@type\":\"ImageObject\",\"inLanguage\":\"en-US\",\"@id\":\"https:\\\/\\\/grazalemaguide.com\\\/quehacerenlasierras\\\/bornos\\\/#primaryimage\",\"url\":\"https:\\\/\\\/grazalemaguide.com\\\/quehacerenlasierras\\\/wp-content\\\/uploads\\\/sites\\\/2\\\/2020\\\/06\\\/Bornos.jpg\",\"contentUrl\":\"https:\\\/\\\/grazalemaguide.com\\\/quehacerenlasierras\\\/wp-content\\\/uploads\\\/sites\\\/2\\\/2020\\\/06\\\/Bornos.jpg\",\"width\":1024,\"height\":682,\"caption\":\"Concurso fotograf\u00eda Bornos - Primer premio @davidclares de instagram\"},{\"@type\":\"BreadcrumbList\",\"@id\":\"https:\\\/\\\/grazalemaguide.com\\\/quehacerenlasierras\\\/bornos\\\/#breadcrumb\",\"itemListElement\":[{\"@type\":\"ListItem\",\"position\":1,\"name\":\"Home\",\"item\":\"https:\\\/\\\/grazalemaguide.com\\\/quehacerenlasierras\\\/\"},{\"@type\":\"ListItem\",\"position\":2,\"name\":\"Bornos\"}]},{\"@type\":\"WebSite\",\"@id\":\"https:\\\/\\\/grazalemaguide.com\\\/quehacerenlasierras\\\/#website\",\"url\":\"https:\\\/\\\/grazalemaguide.com\\\/quehacerenlasierras\\\/\",\"name\":\"Calendario de eventos en las sierras, serran\u00edas y sus pueblos\",\"description\":\"\u00bfQu\u00e9 hacer en las Sierras, Serran\u00edas y sus pueblos? Ferias, fiestas, recreaciones hist\u00f3ricas, rutas de tapas, teatro, rally, deportes, gu\u00edas y actividades\",\"publisher\":{\"@id\":\"https:\\\/\\\/grazalemaguide.com\\\/quehacerenlasierras\\\/#\\\/schema\\\/person\\\/f24688c26be666f9001ed7cb3d7d2e3a\"},\"potentialAction\":[{\"@type\":\"SearchAction\",\"target\":{\"@type\":\"EntryPoint\",\"urlTemplate\":\"https:\\\/\\\/grazalemaguide.com\\\/quehacerenlasierras\\\/?s={search_term_string}\"},\"query-input\":{\"@type\":\"PropertyValueSpecification\",\"valueRequired\":true,\"valueName\":\"search_term_string\"}}],\"inLanguage\":\"en-US\"},{\"@type\":[\"Person\",\"Organization\"],\"@id\":\"https:\\\/\\\/grazalemaguide.com\\\/quehacerenlasierras\\\/#\\\/schema\\\/person\\\/f24688c26be666f9001ed7cb3d7d2e3a\",\"name\":\"Clive Muir\",\"image\":{\"@type\":\"ImageObject\",\"inLanguage\":\"en-US\",\"@id\":\"https:\\\/\\\/secure.gravatar.com\\\/avatar\\\/0cd1ec277564b2e62b29d49d1c588efa39fbdeed25940f60cb667d96e5c29e1e?s=96&d=mm&r=g\",\"url\":\"https:\\\/\\\/secure.gravatar.com\\\/avatar\\\/0cd1ec277564b2e62b29d49d1c588efa39fbdeed25940f60cb667d96e5c29e1e?s=96&d=mm&r=g\",\"contentUrl\":\"https:\\\/\\\/secure.gravatar.com\\\/avatar\\\/0cd1ec277564b2e62b29d49d1c588efa39fbdeed25940f60cb667d96e5c29e1e?s=96&d=mm&r=g\",\"caption\":\"Clive Muir\"},\"logo\":{\"@id\":\"https:\\\/\\\/secure.gravatar.com\\\/avatar\\\/0cd1ec277564b2e62b29d49d1c588efa39fbdeed25940f60cb667d96e5c29e1e?s=96&d=mm&r=g\"},\"description\":\"I\u2019ve been living in this lovely area of Western Andalucia for the last 20 years or so and dedicate most of my time to the running of English language tourist information websites for the towns of C\u00e1diz, Ronda, Grazalema, the famous or infamous Caminito del Rey, and also Wildside Holidays, which promotes sustainable and eco-friendly businesses running wildlife and walking holidays in Spain. My articles contain affiliate links that will help you reserve a hotel, bus, train or activity in the area. You don't pay more, but by using them you do support this website. Thankyou!\",\"sameAs\":[\"https:\\\/\\\/grazalemaguide.com\\\/\",\"https:\\\/\\\/www.facebook.com\\\/wildsideholidays\\\/\",\"https:\\\/\\\/www.linkedin.com\\\/in\\\/wildsideholidays\\\/\",\"https:\\\/\\\/x.com\\\/https:\\\/\\\/twitter.com\\\/GrazalemaGuide\",\"https:\\\/\\\/www.youtube.com\\\/channel\\\/UC6VDf8hywG6O6F1wgMtfMDw\"]}]}<\/script>\n<!-- \/ Yoast SEO plugin. -->","yoast_head_json":{"title":"Bornos - Calendario de eventos en las sierras, serran\u00edas y sus pueblos","description":"Bornos es un municipio de la provincia de C\u00e1diz. Se encuentra situada en la falda oriental de la sierra del Calvario y al pie de la de Bornos","robots":{"index":"index","follow":"follow","max-snippet":"max-snippet:-1","max-image-preview":"max-image-preview:large","max-video-preview":"max-video-preview:-1"},"canonical":"https:\/\/grazalemaguide.com\/quehacerenlasierras\/bornos\/","og_locale":"en_US","og_type":"article","og_title":"Bornos - Calendario de eventos en las sierras, serran\u00edas y sus pueblos","og_description":"Bornos es un municipio de la provincia de C\u00e1diz. Se encuentra situada en la falda oriental de la sierra del Calvario y al pie de la de Bornos","og_url":"https:\/\/grazalemaguide.com\/quehacerenlasierras\/bornos\/","og_site_name":"Calendario de eventos en las sierras, serran\u00edas y sus pueblos","article_publisher":"https:\/\/www.facebook.com\/wildsideholidays\/","article_modified_time":"2020-07-04T10:14:59+00:00","og_image":[{"width":1024,"height":682,"url":"https:\/\/grazalemaguide.com\/quehacerenlasierras\/wp-content\/uploads\/sites\/2\/2020\/06\/Bornos.jpg","type":"image\/jpeg"}],"twitter_card":"summary_large_image","twitter_site":"@GrazalemaGuide","twitter_misc":{"Est. reading time":"5 minutes"},"schema":{"@context":"https:\/\/schema.org","@graph":[{"@type":"WebPage","@id":"https:\/\/grazalemaguide.com\/quehacerenlasierras\/bornos\/","url":"https:\/\/grazalemaguide.com\/quehacerenlasierras\/bornos\/","name":"Bornos - Calendario de eventos en las sierras, serran\u00edas y sus pueblos","isPartOf":{"@id":"https:\/\/grazalemaguide.com\/quehacerenlasierras\/#website"},"primaryImageOfPage":{"@id":"https:\/\/grazalemaguide.com\/quehacerenlasierras\/bornos\/#primaryimage"},"image":{"@id":"https:\/\/grazalemaguide.com\/quehacerenlasierras\/bornos\/#primaryimage"},"thumbnailUrl":"https:\/\/grazalemaguide.com\/quehacerenlasierras\/wp-content\/uploads\/sites\/2\/2020\/06\/Bornos.jpg","datePublished":"2020-06-24T08:42:10+00:00","dateModified":"2020-07-04T10:14:59+00:00","description":"Bornos es un municipio de la provincia de C\u00e1diz. Se encuentra situada en la falda oriental de la sierra del Calvario y al pie de la de Bornos","breadcrumb":{"@id":"https:\/\/grazalemaguide.com\/quehacerenlasierras\/bornos\/#breadcrumb"},"inLanguage":"en-US","potentialAction":[{"@type":"ReadAction","target":["https:\/\/grazalemaguide.com\/quehacerenlasierras\/bornos\/"]}]},{"@type":"ImageObject","inLanguage":"en-US","@id":"https:\/\/grazalemaguide.com\/quehacerenlasierras\/bornos\/#primaryimage","url":"https:\/\/grazalemaguide.com\/quehacerenlasierras\/wp-content\/uploads\/sites\/2\/2020\/06\/Bornos.jpg","contentUrl":"https:\/\/grazalemaguide.com\/quehacerenlasierras\/wp-content\/uploads\/sites\/2\/2020\/06\/Bornos.jpg","width":1024,"height":682,"caption":"Concurso fotograf\u00eda Bornos - Primer premio @davidclares de instagram"},{"@type":"BreadcrumbList","@id":"https:\/\/grazalemaguide.com\/quehacerenlasierras\/bornos\/#breadcrumb","itemListElement":[{"@type":"ListItem","position":1,"name":"Home","item":"https:\/\/grazalemaguide.com\/quehacerenlasierras\/"},{"@type":"ListItem","position":2,"name":"Bornos"}]},{"@type":"WebSite","@id":"https:\/\/grazalemaguide.com\/quehacerenlasierras\/#website","url":"https:\/\/grazalemaguide.com\/quehacerenlasierras\/","name":"Calendario de eventos en las sierras, serran\u00edas y sus pueblos","description":"\u00bfQu\u00e9 hacer en las Sierras, Serran\u00edas y sus pueblos? Ferias, fiestas, recreaciones hist\u00f3ricas, rutas de tapas, teatro, rally, deportes, gu\u00edas y actividades","publisher":{"@id":"https:\/\/grazalemaguide.com\/quehacerenlasierras\/#\/schema\/person\/f24688c26be666f9001ed7cb3d7d2e3a"},"potentialAction":[{"@type":"SearchAction","target":{"@type":"EntryPoint","urlTemplate":"https:\/\/grazalemaguide.com\/quehacerenlasierras\/?s={search_term_string}"},"query-input":{"@type":"PropertyValueSpecification","valueRequired":true,"valueName":"search_term_string"}}],"inLanguage":"en-US"},{"@type":["Person","Organization"],"@id":"https:\/\/grazalemaguide.com\/quehacerenlasierras\/#\/schema\/person\/f24688c26be666f9001ed7cb3d7d2e3a","name":"Clive Muir","image":{"@type":"ImageObject","inLanguage":"en-US","@id":"https:\/\/secure.gravatar.com\/avatar\/0cd1ec277564b2e62b29d49d1c588efa39fbdeed25940f60cb667d96e5c29e1e?s=96&d=mm&r=g","url":"https:\/\/secure.gravatar.com\/avatar\/0cd1ec277564b2e62b29d49d1c588efa39fbdeed25940f60cb667d96e5c29e1e?s=96&d=mm&r=g","contentUrl":"https:\/\/secure.gravatar.com\/avatar\/0cd1ec277564b2e62b29d49d1c588efa39fbdeed25940f60cb667d96e5c29e1e?s=96&d=mm&r=g","caption":"Clive Muir"},"logo":{"@id":"https:\/\/secure.gravatar.com\/avatar\/0cd1ec277564b2e62b29d49d1c588efa39fbdeed25940f60cb667d96e5c29e1e?s=96&d=mm&r=g"},"description":"I\u2019ve been living in this lovely area of Western Andalucia for the last 20 years or so and dedicate most of my time to the running of English language tourist information websites for the towns of C\u00e1diz, Ronda, Grazalema, the famous or infamous Caminito del Rey, and also Wildside Holidays, which promotes sustainable and eco-friendly businesses running wildlife and walking holidays in Spain. My articles contain affiliate links that will help you reserve a hotel, bus, train or activity in the area. You don't pay more, but by using them you do support this website. Thankyou!","sameAs":["https:\/\/grazalemaguide.com\/","https:\/\/www.facebook.com\/wildsideholidays\/","https:\/\/www.linkedin.com\/in\/wildsideholidays\/","https:\/\/x.com\/https:\/\/twitter.com\/GrazalemaGuide","https:\/\/www.youtube.com\/channel\/UC6VDf8hywG6O6F1wgMtfMDw"]}]}},"_links":{"self":[{"href":"https:\/\/grazalemaguide.com\/quehacerenlasierras\/wp-json\/wp\/v2\/pages\/575","targetHints":{"allow":["GET"]}}],"collection":[{"href":"https:\/\/grazalemaguide.com\/quehacerenlasierras\/wp-json\/wp\/v2\/pages"}],"about":[{"href":"https:\/\/grazalemaguide.com\/quehacerenlasierras\/wp-json\/wp\/v2\/types\/page"}],"author":[{"embeddable":true,"href":"https:\/\/grazalemaguide.com\/quehacerenlasierras\/wp-json\/wp\/v2\/users\/1"}],"replies":[{"embeddable":true,"href":"https:\/\/grazalemaguide.com\/quehacerenlasierras\/wp-json\/wp\/v2\/comments?post=575"}],"version-history":[{"count":0,"href":"https:\/\/grazalemaguide.com\/quehacerenlasierras\/wp-json\/wp\/v2\/pages\/575\/revisions"}],"wp:featuredmedia":[{"embeddable":true,"href":"https:\/\/grazalemaguide.com\/quehacerenlasierras\/wp-json\/wp\/v2\/media\/576"}],"wp:attachment":[{"href":"https:\/\/grazalemaguide.com\/quehacerenlasierras\/wp-json\/wp\/v2\/media?parent=575"}],"curies":[{"name":"wp","href":"https:\/\/api.w.org\/{rel}","templated":true}]}}